{"id":10325,"date":"2025-11-13T16:35:46","date_gmt":"2025-11-13T13:35:46","guid":{"rendered":"https:\/\/gtmteknoloji.com\/b2b\/?post_type=product&#038;p=10325"},"modified":"2026-04-16T23:04:48","modified_gmt":"2026-04-16T20:04:48","slug":"nvidia-rtx-pro-4000-small-formfactor-blackwell-pcie5-24g-900-5g195-2200-000","status":"publish","type":"product","link":"https:\/\/gtmteknoloji.com\/b2b\/magaza\/ekran-karti\/profesyonel-grafik-kartlari\/nvidia-rtx-pro-4000-small-formfactor-blackwell-pcie5-24g-900-5g195-2200-000\/","title":{"rendered":"NVIDIA RTX PRO 4000 Small FormFactor Blackwell PCIe5 24G | 900-5G195-2200-000"},"content":{"rendered":"<header class=\"product-header\">\n<h1>NVIDIA RTX PRO 4000 Blackwell SFF Edition<\/h1>\n<p class=\"sku\">SKU: VCNRTXPRO4000BLP-PB<\/p>\n<\/header>\n<section class=\"summary\"><strong>NVIDIA RTX PRO\u2122 4000 Blackwell SFF Edition<\/strong>, kompakt bir tasar\u0131mda en \u00fcst d\u00fczey performans i\u00e7in yeni nesil RT \u00c7ekirdekleri, Tensor \u00c7ekirdekleri ve CUDA\u00ae \u00e7ekirdeklerini **24 GB GDDR7** bellek ile birle\u015ftirir.<\/section>\n<p>\u2014<\/p>\n<h2>Temel \u00d6zellikler<\/h2>\n<ul class=\"features-list\">\n<li>NVIDIA Blackwell Mimarisi<\/li>\n<li>ECC Destekli 24 GB GDDR7 Bellek<\/li>\n<li>280 Adet 5. Nesil Tensor \u00c7ekirdek<\/li>\n<li>70 Adet 4. Nesil RT \u00c7ekirdek<\/li>\n<li>8.960 CUDA\u00ae \u00c7ekirdek<\/li>\n<li>70 W Maksimum G\u00fc\u00e7 T\u00fcketimi<\/li>\n<\/ul>\n<p>\u2014<\/p>\n<h2>Teknik \u00d6zellikler<\/h2>\n<table class=\"spec-table\">\n<thead>\n<tr>\n<th>\u00d6zellik<\/th>\n<th>Detay<\/th>\n<\/tr>\n<\/thead>\n<tbody>\n<tr>\n<td>Mimari<\/td>\n<td>NVIDIA Blackwell Architecture<\/td>\n<\/tr>\n<tr>\n<td>CUDA Paralel \u0130\u015flem \u00c7ekirdekleri<\/td>\n<td>8960<\/td>\n<\/tr>\n<tr>\n<td>Tek Hassasiyet Performans\u0131 (Tepe)<\/td>\n<td>24 TFLOPS<\/td>\n<\/tr>\n<tr>\n<td>Tensor Performans\u0131 (AI)<\/td>\n<td>770 AI TOPS<\/td>\n<\/tr>\n<tr>\n<td>RT \u00c7ekirdek Performans\u0131 (I\u015f\u0131n \u0130zleme)<\/td>\n<td>73 TFLOPS<\/td>\n<\/tr>\n<tr>\n<td>GPU Belle\u011fi<\/td>\n<td>24 GB GDDR7 with ECC<\/td>\n<\/tr>\n<tr>\n<td>Bellek Aray\u00fcz\u00fc<\/td>\n<td>192-bit<\/td>\n<\/tr>\n<tr>\n<td>Maksimum G\u00fc\u00e7 T\u00fcketimi<\/td>\n<td>70W<\/td>\n<\/tr>\n<tr>\n<td>Form Fakt\u00f6r\u00fc<\/td>\n<td>2.7\u201d H x 6.6\u201d L, HHHL \u00c7ift Yuva (SFF)<\/td>\n<\/tr>\n<tr>\n<td>Ekran Ba\u011flant\u0131lar\u0131<\/td>\n<td>mDP 2.1b (4 adet)<\/td>\n<\/tr>\n<\/tbody>\n<\/table>\n<p>\u2014<\/p>\n<h2>Blackwell Mimarisi ve Temel Teknolojiler<\/h2>\n<h3>NVIDIA Blackwell Mimarisi<\/h3>\n<p>Yapay zeka, \u0131\u015f\u0131n izleme ve n\u00f6ral g\u00f6r\u00fcnt\u00fcleme teknolojilerini bir araya getiren Blackwell, g\u00f6rsel do\u011fruluk ve performans i\u00e7in yeni bir standart olu\u015fturur\u2026<\/p>\n","protected":false},"excerpt":{"rendered":"<p>NVIDIA RTX PRO 4000 Blackwell SFF Edition SKU: VCNRTXPRO4000BLP-PB NVIDIA RTX PRO\u2122 4000 Blackwell SFF Edition, kompakt bir tasar\u0131mda en<\/p>\n","protected":false},"featured_media":10326,"template":"","meta":[],"product_brand":[342,341,338],"product_cat":[1736,1737],"product_tag":[3080,3094,3082,3083,3084,3081,3060,3086,3091,3090,3059,3087,3079,3095,3089,3093,3092,3077,3075,3085,1739,3048,3076,3058,3078,3088],"class_list":{"0":"post-10325","1":"product","2":"type-product","3":"status-publish","4":"has-post-thumbnail","6":"product_brand-nvidia-npn-partner-gtmteknoloji","7":"product_brand-pny-ekran-karti","8":"product_brand-supermicro-server-turkiye","9":"product_cat-ekran-karti","10":"product_cat-profesyonel-grafik-kartlari","11":"product_tag-24-gb-gddr7","12":"product_tag-3d-modelleme","13":"product_tag-4-nesil-rt-cekirdek","14":"product_tag-5-nesil-tensor-cekirdek","15":"product_tag-70w-maksimum-guc-tuketimi","16":"product_tag-8960-cuda-cekirdek","17":"product_tag-dell-is-istasyonu","18":"product_tag-displayport-2-1b","19":"product_tag-dlss-4","20":"product_tag-gddr7-ecc-bellek","21":"product_tag-hp-is-istasyonu","22":"product_tag-isin-izleme-ray-tracing","23":"product_tag-kucuk-form-faktoru-sff","24":"product_tag-muhendislik-is-akislari","25":"product_tag-noral-goruntuleme-neural-rendering","26":"product_tag-nvdec","27":"product_tag-nvenc","28":"product_tag-nvidia-blackwell-mimarisi","29":"product_tag-nvidia-rtx-pro-4000-blackwell-sff","30":"product_tag-pci-express-5-0","31":"product_tag-pny","32":"product_tag-profesyonel-gpu","33":"product_tag-rtx-pro-4000","34":"product_tag-supermicro-is-istasyonu","35":"product_tag-workstation-ekran-karti","36":"product_tag-yapay-zeka-ai","37":"pa_marka-pny","39":"first","40":"instock","41":"taxable","42":"shipping-taxable","43":"product-type-external"},"yoast_head":"<!-- This site is optimized with the Yoast SEO Premium plugin v27.4 (Yoast SEO v27.4) - https:\/\/yoast.com\/product\/yoast-seo-premium-wordpress\/ -->\n<title>Nvidia Pro 4000 SFF: 24 GB GDDR7 Bellek ile Geliyor - GTM Teknoloji<\/title>\n<meta name=\"description\" content=\"Nvidia Pro 4000 SFF, 24 GB GDDR7 bellek ve g\u00fc\u00e7l\u00fc CUDA \u00e7ekirdekleri ile \u00fcst\u00fcn performans sunar. Hemen yeni grafik kart\u0131n\u0131z\u0131 ke\u015ffedin!\" \/>\n<meta name=\"robots\" content=\"index, follow, max-snippet:-1, max-image-preview:large, max-video-preview:-1\" \/>\n<link rel=\"canonical\" href=\"https:\/\/gtmteknoloji.com\/b2b\/magaza\/ekran-karti\/profesyonel-grafik-kartlari\/nvidia-rtx-pro-4000-small-formfactor-blackwell-pcie5-24g-900-5g195-2200-000\/\" \/>\n<meta property=\"og:locale\" content=\"tr_TR\" \/>\n<meta property=\"og:type\" content=\"article\" \/>\n<meta property=\"og:title\" content=\"NVIDIA RTX PRO 4000 Small FormFactor Blackwell PCIe5 24G | 900-5G195-2200-000\" \/>\n<meta property=\"og:description\" content=\"Nvidia Pro 4000 SFF, 24 GB GDDR7 bellek ve g\u00fc\u00e7l\u00fc CUDA \u00e7ekirdekleri ile \u00fcst\u00fcn performans sunar. Hemen yeni grafik kart\u0131n\u0131z\u0131 ke\u015ffedin!\" \/>\n<meta property=\"og:url\" content=\"https:\/\/gtmteknoloji.com\/b2b\/magaza\/ekran-karti\/profesyonel-grafik-kartlari\/nvidia-rtx-pro-4000-small-formfactor-blackwell-pcie5-24g-900-5g195-2200-000\/\" \/>\n<meta property=\"og:site_name\" content=\"GTM Teknoloji\" \/>\n<meta property=\"article:publisher\" content=\"https:\/\/www.facebook.com\/SupermicroTurkiye\/?locale=tr_TR\" \/>\n<meta property=\"article:modified_time\" content=\"2026-04-16T20:04:48+00:00\" \/>\n<meta property=\"og:image\" content=\"https:\/\/gtmteknoloji.com\/b2b\/wp-content\/uploads\/2025\/11\/RTX-PRO-4000-SFF-gtm-teknoloji.png\" \/>\n\t<meta property=\"og:image:width\" content=\"800\" \/>\n\t<meta property=\"og:image:height\" content=\"800\" \/>\n\t<meta property=\"og:image:type\" content=\"image\/png\" \/>\n<meta name=\"twitter:card\" content=\"summary_large_image\" \/>\n<meta name=\"twitter:site\" content=\"@gtmteknoloji\" \/>\n<meta name=\"twitter:label1\" content=\"Fiyat\" \/>\n\t<meta name=\"twitter:data1\" content=\"&#036;1.755,00 + KDV\" \/>\n\t<meta name=\"twitter:label2\" content=\"Durumu\" \/>\n\t<meta name=\"twitter:data2\" content=\"Stokta var\" \/>\n<script type=\"application\/ld+json\" class=\"yoast-schema-graph\">{\"@context\":\"https:\\\/\\\/schema.org\",\"@graph\":[{\"@type\":\"WebPage\",\"@id\":\"https:\\\/\\\/gtmteknoloji.com\\\/b2b\\\/magaza\\\/ekran-karti\\\/profesyonel-grafik-kartlari\\\/nvidia-rtx-pro-4000-small-formfactor-blackwell-pcie5-24g-900-5g195-2200-000\\\/\",\"url\":\"https:\\\/\\\/gtmteknoloji.com\\\/b2b\\\/magaza\\\/ekran-karti\\\/profesyonel-grafik-kartlari\\\/nvidia-rtx-pro-4000-small-formfactor-blackwell-pcie5-24g-900-5g195-2200-000\\\/\",\"name\":\"Nvidia Pro 4000 SFF: 24 GB GDDR7 Bellek ile Geliyor - GTM Teknoloji\",\"isPartOf\":{\"@id\":\"https:\\\/\\\/gtmteknoloji.com\\\/b2b\\\/#website\"},\"primaryImageOfPage\":{\"@id\":\"https:\\\/\\\/gtmteknoloji.com\\\/b2b\\\/magaza\\\/ekran-karti\\\/profesyonel-grafik-kartlari\\\/nvidia-rtx-pro-4000-small-formfactor-blackwell-pcie5-24g-900-5g195-2200-000\\\/#primaryimage\"},\"image\":{\"@id\":\"https:\\\/\\\/gtmteknoloji.com\\\/b2b\\\/magaza\\\/ekran-karti\\\/profesyonel-grafik-kartlari\\\/nvidia-rtx-pro-4000-small-formfactor-blackwell-pcie5-24g-900-5g195-2200-000\\\/#primaryimage\"},\"thumbnailUrl\":\"https:\\\/\\\/gtmteknoloji.com\\\/b2b\\\/wp-content\\\/uploads\\\/2025\\\/11\\\/RTX-PRO-4000-SFF-gtm-teknoloji.png\",\"datePublished\":\"2025-11-13T13:35:46+00:00\",\"dateModified\":\"2026-04-16T20:04:48+00:00\",\"description\":\"Nvidia Pro 4000 SFF, 24 GB GDDR7 bellek ve g\u00fc\u00e7l\u00fc CUDA \u00e7ekirdekleri ile \u00fcst\u00fcn performans sunar. Hemen yeni grafik kart\u0131n\u0131z\u0131 ke\u015ffedin!\",\"breadcrumb\":{\"@id\":\"https:\\\/\\\/gtmteknoloji.com\\\/b2b\\\/magaza\\\/ekran-karti\\\/profesyonel-grafik-kartlari\\\/nvidia-rtx-pro-4000-small-formfactor-blackwell-pcie5-24g-900-5g195-2200-000\\\/#breadcrumb\"},\"inLanguage\":\"tr\",\"potentialAction\":[{\"@type\":\"ReadAction\",\"target\":[\"https:\\\/\\\/gtmteknoloji.com\\\/b2b\\\/magaza\\\/ekran-karti\\\/profesyonel-grafik-kartlari\\\/nvidia-rtx-pro-4000-small-formfactor-blackwell-pcie5-24g-900-5g195-2200-000\\\/\"]}]},{\"@type\":\"ImageObject\",\"inLanguage\":\"tr\",\"@id\":\"https:\\\/\\\/gtmteknoloji.com\\\/b2b\\\/magaza\\\/ekran-karti\\\/profesyonel-grafik-kartlari\\\/nvidia-rtx-pro-4000-small-formfactor-blackwell-pcie5-24g-900-5g195-2200-000\\\/#primaryimage\",\"url\":\"https:\\\/\\\/gtmteknoloji.com\\\/b2b\\\/wp-content\\\/uploads\\\/2025\\\/11\\\/RTX-PRO-4000-SFF-gtm-teknoloji.png\",\"contentUrl\":\"https:\\\/\\\/gtmteknoloji.com\\\/b2b\\\/wp-content\\\/uploads\\\/2025\\\/11\\\/RTX-PRO-4000-SFF-gtm-teknoloji.png\",\"width\":800,\"height\":800},{\"@type\":\"BreadcrumbList\",\"@id\":\"https:\\\/\\\/gtmteknoloji.com\\\/b2b\\\/magaza\\\/ekran-karti\\\/profesyonel-grafik-kartlari\\\/nvidia-rtx-pro-4000-small-formfactor-blackwell-pcie5-24g-900-5g195-2200-000\\\/#breadcrumb\",\"itemListElement\":[{\"@type\":\"ListItem\",\"position\":1,\"name\":\"Home\",\"item\":\"https:\\\/\\\/gtmteknoloji.com\\\/b2b\\\/\"},{\"@type\":\"ListItem\",\"position\":2,\"name\":\"Ma\u011faza\",\"item\":\"https:\\\/\\\/gtmteknoloji.com\\\/b2b\\\/magaza\\\/\"},{\"@type\":\"ListItem\",\"position\":3,\"name\":\"NVIDIA RTX PRO 4000 Small FormFactor Blackwell PCIe5 24G | 900-5G195-2200-000\"}]},{\"@type\":\"WebSite\",\"@id\":\"https:\\\/\\\/gtmteknoloji.com\\\/b2b\\\/#website\",\"url\":\"https:\\\/\\\/gtmteknoloji.com\\\/b2b\\\/\",\"name\":\"GTM Teknoloji\",\"description\":\"B2B Sat\u0131\u015f Portal\u0131\",\"publisher\":{\"@id\":\"https:\\\/\\\/gtmteknoloji.com\\\/b2b\\\/#organization\"},\"potentialAction\":[{\"@type\":\"SearchAction\",\"target\":{\"@type\":\"EntryPoint\",\"urlTemplate\":\"https:\\\/\\\/gtmteknoloji.com\\\/b2b\\\/?s={search_term_string}\"},\"query-input\":{\"@type\":\"PropertyValueSpecification\",\"valueRequired\":true,\"valueName\":\"search_term_string\"}}],\"inLanguage\":\"tr\"},{\"@type\":\"Organization\",\"@id\":\"https:\\\/\\\/gtmteknoloji.com\\\/b2b\\\/#organization\",\"name\":\"GTM Teknoloji\",\"url\":\"https:\\\/\\\/gtmteknoloji.com\\\/b2b\\\/\",\"logo\":{\"@type\":\"ImageObject\",\"inLanguage\":\"tr\",\"@id\":\"https:\\\/\\\/gtmteknoloji.com\\\/b2b\\\/#\\\/schema\\\/logo\\\/image\\\/\",\"url\":\"https:\\\/\\\/gtmteknoloji.com\\\/b2b\\\/wp-content\\\/uploads\\\/2020\\\/12\\\/GTM-logo.png\",\"contentUrl\":\"https:\\\/\\\/gtmteknoloji.com\\\/b2b\\\/wp-content\\\/uploads\\\/2020\\\/12\\\/GTM-logo.png\",\"width\":400,\"height\":400,\"caption\":\"GTM Teknoloji\"},\"image\":{\"@id\":\"https:\\\/\\\/gtmteknoloji.com\\\/b2b\\\/#\\\/schema\\\/logo\\\/image\\\/\"},\"sameAs\":[\"https:\\\/\\\/www.facebook.com\\\/SupermicroTurkiye\\\/?locale=tr_TR\",\"https:\\\/\\\/x.com\\\/gtmteknoloji\"]}]}<\/script>\n<meta property=\"product:brand\" content=\"PNY\" \/>\n<meta property=\"product:price:amount\" content=\"1755.00\" \/>\n<meta property=\"product:price:currency\" content=\"USD\" \/>\n<meta property=\"og:availability\" content=\"instock\" \/>\n<meta property=\"product:availability\" content=\"instock\" \/>\n<meta property=\"product:condition\" content=\"new\" \/>\n<!-- \/ Yoast SEO Premium plugin. -->","yoast_head_json":{"title":"Nvidia Pro 4000 SFF: 24 GB GDDR7 Bellek ile Geliyor - GTM Teknoloji","description":"Nvidia Pro 4000 SFF, 24 GB GDDR7 bellek ve g\u00fc\u00e7l\u00fc CUDA \u00e7ekirdekleri ile \u00fcst\u00fcn performans sunar. Hemen yeni grafik kart\u0131n\u0131z\u0131 ke\u015ffedin!","robots":{"index":"index","follow":"follow","max-snippet":"max-snippet:-1","max-image-preview":"max-image-preview:large","max-video-preview":"max-video-preview:-1"},"canonical":"https:\/\/gtmteknoloji.com\/b2b\/magaza\/ekran-karti\/profesyonel-grafik-kartlari\/nvidia-rtx-pro-4000-small-formfactor-blackwell-pcie5-24g-900-5g195-2200-000\/","og_locale":"tr_TR","og_type":"article","og_title":"NVIDIA RTX PRO 4000 Small FormFactor Blackwell PCIe5 24G | 900-5G195-2200-000","og_description":"Nvidia Pro 4000 SFF, 24 GB GDDR7 bellek ve g\u00fc\u00e7l\u00fc CUDA \u00e7ekirdekleri ile \u00fcst\u00fcn performans sunar. Hemen yeni grafik kart\u0131n\u0131z\u0131 ke\u015ffedin!","og_url":"https:\/\/gtmteknoloji.com\/b2b\/magaza\/ekran-karti\/profesyonel-grafik-kartlari\/nvidia-rtx-pro-4000-small-formfactor-blackwell-pcie5-24g-900-5g195-2200-000\/","og_site_name":"GTM Teknoloji","article_publisher":"https:\/\/www.facebook.com\/SupermicroTurkiye\/?locale=tr_TR","article_modified_time":"2026-04-16T20:04:48+00:00","og_image":[{"width":800,"height":800,"url":"https:\/\/gtmteknoloji.com\/b2b\/wp-content\/uploads\/2025\/11\/RTX-PRO-4000-SFF-gtm-teknoloji.png","type":"image\/png"}],"twitter_card":"summary_large_image","twitter_site":"@gtmteknoloji","twitter_misc":{"Fiyat":"&#36;1.755,00 + KDV","Durumu":"Stokta var"},"schema":{"@context":"https:\/\/schema.org","@graph":[{"@type":"WebPage","@id":"https:\/\/gtmteknoloji.com\/b2b\/magaza\/ekran-karti\/profesyonel-grafik-kartlari\/nvidia-rtx-pro-4000-small-formfactor-blackwell-pcie5-24g-900-5g195-2200-000\/","url":"https:\/\/gtmteknoloji.com\/b2b\/magaza\/ekran-karti\/profesyonel-grafik-kartlari\/nvidia-rtx-pro-4000-small-formfactor-blackwell-pcie5-24g-900-5g195-2200-000\/","name":"Nvidia Pro 4000 SFF: 24 GB GDDR7 Bellek ile Geliyor - GTM Teknoloji","isPartOf":{"@id":"https:\/\/gtmteknoloji.com\/b2b\/#website"},"primaryImageOfPage":{"@id":"https:\/\/gtmteknoloji.com\/b2b\/magaza\/ekran-karti\/profesyonel-grafik-kartlari\/nvidia-rtx-pro-4000-small-formfactor-blackwell-pcie5-24g-900-5g195-2200-000\/#primaryimage"},"image":{"@id":"https:\/\/gtmteknoloji.com\/b2b\/magaza\/ekran-karti\/profesyonel-grafik-kartlari\/nvidia-rtx-pro-4000-small-formfactor-blackwell-pcie5-24g-900-5g195-2200-000\/#primaryimage"},"thumbnailUrl":"https:\/\/gtmteknoloji.com\/b2b\/wp-content\/uploads\/2025\/11\/RTX-PRO-4000-SFF-gtm-teknoloji.png","datePublished":"2025-11-13T13:35:46+00:00","dateModified":"2026-04-16T20:04:48+00:00","description":"Nvidia Pro 4000 SFF, 24 GB GDDR7 bellek ve g\u00fc\u00e7l\u00fc CUDA \u00e7ekirdekleri ile \u00fcst\u00fcn performans sunar. Hemen yeni grafik kart\u0131n\u0131z\u0131 ke\u015ffedin!","breadcrumb":{"@id":"https:\/\/gtmteknoloji.com\/b2b\/magaza\/ekran-karti\/profesyonel-grafik-kartlari\/nvidia-rtx-pro-4000-small-formfactor-blackwell-pcie5-24g-900-5g195-2200-000\/#breadcrumb"},"inLanguage":"tr","potentialAction":[{"@type":"ReadAction","target":["https:\/\/gtmteknoloji.com\/b2b\/magaza\/ekran-karti\/profesyonel-grafik-kartlari\/nvidia-rtx-pro-4000-small-formfactor-blackwell-pcie5-24g-900-5g195-2200-000\/"]}]},{"@type":"ImageObject","inLanguage":"tr","@id":"https:\/\/gtmteknoloji.com\/b2b\/magaza\/ekran-karti\/profesyonel-grafik-kartlari\/nvidia-rtx-pro-4000-small-formfactor-blackwell-pcie5-24g-900-5g195-2200-000\/#primaryimage","url":"https:\/\/gtmteknoloji.com\/b2b\/wp-content\/uploads\/2025\/11\/RTX-PRO-4000-SFF-gtm-teknoloji.png","contentUrl":"https:\/\/gtmteknoloji.com\/b2b\/wp-content\/uploads\/2025\/11\/RTX-PRO-4000-SFF-gtm-teknoloji.png","width":800,"height":800},{"@type":"BreadcrumbList","@id":"https:\/\/gtmteknoloji.com\/b2b\/magaza\/ekran-karti\/profesyonel-grafik-kartlari\/nvidia-rtx-pro-4000-small-formfactor-blackwell-pcie5-24g-900-5g195-2200-000\/#breadcrumb","itemListElement":[{"@type":"ListItem","position":1,"name":"Home","item":"https:\/\/gtmteknoloji.com\/b2b\/"},{"@type":"ListItem","position":2,"name":"Ma\u011faza","item":"https:\/\/gtmteknoloji.com\/b2b\/magaza\/"},{"@type":"ListItem","position":3,"name":"NVIDIA RTX PRO 4000 Small FormFactor Blackwell PCIe5 24G | 900-5G195-2200-000"}]},{"@type":"WebSite","@id":"https:\/\/gtmteknoloji.com\/b2b\/#website","url":"https:\/\/gtmteknoloji.com\/b2b\/","name":"GTM Teknoloji","description":"B2B Sat\u0131\u015f Portal\u0131","publisher":{"@id":"https:\/\/gtmteknoloji.com\/b2b\/#organization"},"potentialAction":[{"@type":"SearchAction","target":{"@type":"EntryPoint","urlTemplate":"https:\/\/gtmteknoloji.com\/b2b\/?s={search_term_string}"},"query-input":{"@type":"PropertyValueSpecification","valueRequired":true,"valueName":"search_term_string"}}],"inLanguage":"tr"},{"@type":"Organization","@id":"https:\/\/gtmteknoloji.com\/b2b\/#organization","name":"GTM Teknoloji","url":"https:\/\/gtmteknoloji.com\/b2b\/","logo":{"@type":"ImageObject","inLanguage":"tr","@id":"https:\/\/gtmteknoloji.com\/b2b\/#\/schema\/logo\/image\/","url":"https:\/\/gtmteknoloji.com\/b2b\/wp-content\/uploads\/2020\/12\/GTM-logo.png","contentUrl":"https:\/\/gtmteknoloji.com\/b2b\/wp-content\/uploads\/2020\/12\/GTM-logo.png","width":400,"height":400,"caption":"GTM Teknoloji"},"image":{"@id":"https:\/\/gtmteknoloji.com\/b2b\/#\/schema\/logo\/image\/"},"sameAs":["https:\/\/www.facebook.com\/SupermicroTurkiye\/?locale=tr_TR","https:\/\/x.com\/gtmteknoloji"]}]},"product_brand":"PNY","product_price_amount":"1755.00","product_price_currency":"USD","og_availability":"instock","product_availability":"instock","product_condition":"new"},"_links":{"self":[{"href":"https:\/\/gtmteknoloji.com\/b2b\/wp-json\/wp\/v2\/product\/10325","targetHints":{"allow":["GET"]}}],"collection":[{"href":"https:\/\/gtmteknoloji.com\/b2b\/wp-json\/wp\/v2\/product"}],"about":[{"href":"https:\/\/gtmteknoloji.com\/b2b\/wp-json\/wp\/v2\/types\/product"}],"version-history":[{"count":6,"href":"https:\/\/gtmteknoloji.com\/b2b\/wp-json\/wp\/v2\/product\/10325\/revisions"}],"predecessor-version":[{"id":10360,"href":"https:\/\/gtmteknoloji.com\/b2b\/wp-json\/wp\/v2\/product\/10325\/revisions\/10360"}],"wp:featuredmedia":[{"embeddable":true,"href":"https:\/\/gtmteknoloji.com\/b2b\/wp-json\/wp\/v2\/media\/10326"}],"wp:attachment":[{"href":"https:\/\/gtmteknoloji.com\/b2b\/wp-json\/wp\/v2\/media?parent=10325"}],"wp:term":[{"taxonomy":"product_brand","embeddable":true,"href":"https:\/\/gtmteknoloji.com\/b2b\/wp-json\/wp\/v2\/product_brand?post=10325"},{"taxonomy":"product_cat","embeddable":true,"href":"https:\/\/gtmteknoloji.com\/b2b\/wp-json\/wp\/v2\/product_cat?post=10325"},{"taxonomy":"product_tag","embeddable":true,"href":"https:\/\/gtmteknoloji.com\/b2b\/wp-json\/wp\/v2\/product_tag?post=10325"}],"curies":[{"name":"wp","href":"https:\/\/api.w.org\/{rel}","templated":true}]}}