{"id":10397,"date":"2025-11-13T19:37:57","date_gmt":"2025-11-13T16:37:57","guid":{"rendered":"https:\/\/gtmteknoloji.com\/b2b\/?post_type=product&#038;p=10397"},"modified":"2026-04-16T22:53:02","modified_gmt":"2026-04-16T19:53:02","slug":"nvidia-rtx-a400-4gb-900-5g172-2260-000","status":"publish","type":"product","link":"https:\/\/gtmteknoloji.com\/b2b\/magaza\/ekran-karti\/profesyonel-grafik-kartlari\/nvidia-rtx-a400-4gb-900-5g172-2260-000\/","title":{"rendered":"NVIDIA RTX A400 4GB Profesyonel GPU | 900-5G172-2260-000"},"content":{"rendered":"<div style=\"font-family: Arial, sans-serif; line-height: 1.8; color: #333;\">\n<div style=\"text-align: center; margin-bottom: 30px;\"><img decoding=\"async\" style=\"max-width: 100%; height: auto; border-radius: 10px; box-shadow: 0 5px 20px rgba(0,0,0,0.2);\" src=\"https:\/\/gtmteknoloji.com\/b2b\/wp-content\/uploads\/2025\/11\/04-NVIDIA-RTX-A1000-gtm-teknoloji.png\" alt=\"\u00dcr\u00fcn G\u00f6rseli\" \/><\/div>\n<h2 style=\"color: #76b900; font-size: 32px; font-weight: bold; margin: 30px 0 20px 0; text-transform: uppercase; letter-spacing: 1px; border-bottom: 3px solid #76B900; padding-bottom: 10px;\">NVIDIA RTX A400 4GB | Sonsuz olas\u0131l\u0131klar i\u00e7in performans.<\/h2>\n<p style=\"font-size: 16px; margin-bottom: 20px; text-align: justify;\">NVIDIA Ampere GPU mimarisi \u00fczerine kurulu NVIDIA RTX\u2122 A400, yapay zeka ve \u0131\u015f\u0131n izleme h\u0131zland\u0131rmas\u0131n\u0131n g\u00fcc\u00fcn\u00fc daha fazla profesyonelin eline ta\u015f\u0131yor. RTX A400, yapay zeka destekli i\u015f ak\u0131\u015flar\u0131n\u0131n ve g\u00f6z al\u0131c\u0131 \u0131\u015f\u0131n izlemeli g\u00f6rsellerin, yerden tasarruf sa\u011flayan bir tasar\u0131mda benzersiz bir performansla sunulmas\u0131n\u0131 sa\u011fl\u0131yor. Ayr\u0131ca, g\u00f6rsel ufkunuzu geni\u015fletmek i\u00e7in d\u00f6rt adede kadar yerel ekran ba\u011flayabilirsiniz.<\/p>\n<p style=\"font-size: 16px; margin-bottom: 30px; text-align: justify;\">Kompakt form fakt\u00f6r\u00fcyle RTX A400, her t\u00fcrl\u00fc i\u015f istasyonuna kolayca uyum sa\u011flar ve verimlilik veya \u00e7al\u0131\u015fma alan\u0131ndan \u00f6d\u00fcn vermeden g\u00fcn\u00fcm\u00fcz\u00fcn profesyonel i\u015f ak\u0131\u015flar\u0131 i\u00e7in gerekli performans\u0131 ve yetenekleri sunar.<\/p>\n<h3 style=\"color: #76b900; font-size: 24px; font-weight: bold; margin: 40px 0 20px 0; text-transform: uppercase;\">TEKN\u0130K \u00d6ZELL\u0130KLER<\/h3>\n<table style=\"width: 100%; border-collapse: collapse; margin: 20px 0; background: #f9f9f9; border-radius: 8px; overflow: hidden; box-shadow: 0 3px 10px rgba(0,0,0,0.1);\">\n<tbody>\n<tr style=\"background: #225dd3;\">\n<th style=\"padding: 15px; text-align: left; color: white; font-weight: bold; border-bottom: 2px solid #0e49bf;\">\u00d6ZELL\u0130K<\/th>\n<th style=\"padding: 15px; text-align: left; color: white; font-weight: bold; border-bottom: 2px solid #0e49bf;\">DE\u011eER<\/th>\n<\/tr>\n<tr style=\"background: #fff;\">\n<td style=\"padding: 12px 15px; border-bottom: 1px solid #e0e0e0; font-weight: 600;\">Par\u00e7a Numaras\u0131<\/td>\n<td style=\"padding: 12px 15px; border-bottom: 1px solid #e0e0e0;\">VCNRTXA400ATX-PB<\/td>\n<\/tr>\n<tr style=\"background: #f5f5f5;\">\n<td style=\"padding: 12px 15px; border-bottom: 1px solid #e0e0e0; font-weight: 600;\">CUDA \u00c7ekirdekleri<\/td>\n<td style=\"padding: 12px 15px; border-bottom: 1px solid #e0e0e0;\">768<\/td>\n<\/tr>\n<tr style=\"background: #fff;\">\n<td style=\"padding: 12px 15px; border-bottom: 1px solid #e0e0e0; font-weight: 600;\">Tens\u00f6r \u00c7ekirdekleri<\/td>\n<td style=\"padding: 12px 15px; border-bottom: 1px solid #e0e0e0;\">24<\/td>\n<\/tr>\n<tr style=\"background: #f5f5f5;\">\n<td style=\"padding: 12px 15px; border-bottom: 1px solid #e0e0e0; font-weight: 600;\">RT \u00c7ekirdekleri<\/td>\n<td style=\"padding: 12px 15px; border-bottom: 1px solid #e0e0e0;\">6<\/td>\n<\/tr>\n<tr style=\"background: #fff;\">\n<td style=\"padding: 12px 15px; border-bottom: 1px solid #e0e0e0; font-weight: 600;\">Tek Hassasiyetli Performans<\/td>\n<td style=\"padding: 12px 15px; border-bottom: 1px solid #e0e0e0;\">2,7 TFLOP<\/td>\n<\/tr>\n<tr style=\"background: #f5f5f5;\">\n<td style=\"padding: 12px 15px; border-bottom: 1px solid #e0e0e0; font-weight: 600;\">RT \u00c7ekirdek Performans\u0131<\/td>\n<td style=\"padding: 12px 15px; border-bottom: 1px solid #e0e0e0;\">5.3 TFLOP<\/td>\n<\/tr>\n<tr style=\"background: #fff;\">\n<td style=\"padding: 12px 15px; border-bottom: 1px solid #e0e0e0; font-weight: 600;\">Tens\u00f6r Performans\u0131<\/td>\n<td style=\"padding: 12px 15px; border-bottom: 1px solid #e0e0e0;\">21,7 TFLOPS<\/td>\n<\/tr>\n<tr style=\"background: #f5f5f5;\">\n<td style=\"padding: 12px 15px; border-bottom: 1px solid #e0e0e0; font-weight: 600;\">GPU Belle\u011fi<\/td>\n<td style=\"padding: 12px 15px; border-bottom: 1px solid #e0e0e0;\">4 GB GDDR6<\/td>\n<\/tr>\n<tr style=\"background: #fff;\">\n<td style=\"padding: 12px 15px; border-bottom: 1px solid #e0e0e0; font-weight: 600;\">Bellek Aray\u00fcz\u00fc<\/td>\n<td style=\"padding: 12px 15px; border-bottom: 1px solid #e0e0e0;\">64 bit<\/td>\n<\/tr>\n<tr style=\"background: #f5f5f5;\">\n<td style=\"padding: 12px 15px; border-bottom: 1px solid #e0e0e0; font-weight: 600;\">Bellek Bant Geni\u015fli\u011fi<\/td>\n<td style=\"padding: 12px 15px; border-bottom: 1px solid #e0e0e0;\">96 GB\/sn<\/td>\n<\/tr>\n<tr style=\"background: #fff;\">\n<td style=\"padding: 12px 15px; border-bottom: 1px solid #e0e0e0; font-weight: 600;\">Sistem Aray\u00fcz\u00fc<\/td>\n<td style=\"padding: 12px 15px; border-bottom: 1px solid #e0e0e0;\">PCI Express 4.0 x8<\/td>\n<\/tr>\n<tr style=\"background: #f5f5f5;\">\n<td style=\"padding: 12px 15px; border-bottom: 1px solid #e0e0e0; font-weight: 600;\">Ekran Ba\u011flay\u0131c\u0131lar\u0131<\/td>\n<td style=\"padding: 12px 15px; border-bottom: 1px solid #e0e0e0;\">4\u00d7 mDisplayPort 1.4a<\/td>\n<\/tr>\n<tr style=\"background: #fff;\">\n<td style=\"padding: 12px 15px; border-bottom: 1px solid #e0e0e0; font-weight: 600;\">Maksimum G\u00fc\u00e7 T\u00fcketimi<\/td>\n<td style=\"padding: 12px 15px; border-bottom: 1px solid #e0e0e0;\">50 W<\/td>\n<\/tr>\n<\/tbody>\n<\/table>\n<\/div>\n","protected":false},"excerpt":{"rendered":"<p>NVIDIA RTX A400 4GB | Sonsuz olas\u0131l\u0131klar i\u00e7in performans. NVIDIA Ampere GPU mimarisi \u00fczerine kurulu NVIDIA RTX\u2122 A400, yapay zeka<\/p>\n","protected":false},"featured_media":10389,"template":"","meta":[],"product_brand":[342,341],"product_cat":[1736,1737],"product_tag":[3146,3163,3145,3158,3151,3147,3159,3160,3152,3141,3156,3161,3164,3150,3149,3162,3157],"class_list":{"0":"post-10397","1":"product","2":"type-product","3":"status-publish","4":"has-post-thumbnail","6":"product_brand-nvidia-npn-partner-gtmteknoloji","7":"product_brand-pny-ekran-karti","8":"product_cat-ekran-karti","9":"product_cat-profesyonel-grafik-kartlari","10":"product_tag-2-nesil-rt-cekirdek","11":"product_tag-2d-tasarim","12":"product_tag-3-nesil-tensor-cekirdek","13":"product_tag-4-gb-gddr6-bellek","14":"product_tag-4x-mini-displayport-1-4a","15":"product_tag-50w-maksimum-guc-tuketimi","16":"product_tag-64-bit","17":"product_tag-768-cuda-cekirdegi","18":"product_tag-aec-sektoru","19":"product_tag-ampere-mimarisi","20":"product_tag-bu-urldeki-nvidia-rtx-a400-urun-icerigine-dayanarak-olusturulmus-anahtar-kelimeler-listesi","21":"product_tag-dusuk-profil","22":"product_tag-giris-seviyesi-profesyonel-grafik","23":"product_tag-pci-express-4-0-x8","24":"product_tag-tek-yuvali","25":"product_tag-temel-cad","26":"product_tag-virgulle-ayrilmis-sekilde-asagidadir-nvidia-rtx-a400","27":"pa_marka-pny","29":"first","30":"instock","31":"taxable","32":"shipping-taxable","33":"product-type-external"},"yoast_head":"<!-- This site is optimized with the Yoast SEO Premium plugin v27.4 (Yoast SEO v27.4) - https:\/\/yoast.com\/product\/yoast-seo-premium-wordpress\/ -->\n<title>Nvidia RTX A400: Yapay Zeka ve H\u0131zland\u0131r\u0131lm\u0131\u015f Grafik - GTM Teknoloji<\/title>\n<meta name=\"description\" content=\"Nvidia RTX A400, Ampere mimarisiyle performans sunuyor. G\u00f6z al\u0131c\u0131 grafiklerle i\u015flerinizi h\u0131zl\u0131ca tamamlamak i\u00e7in bizi ziyaret edin! \ud83c\udfae\" \/>\n<meta name=\"robots\" content=\"index, follow, max-snippet:-1, max-image-preview:large, max-video-preview:-1\" \/>\n<link rel=\"canonical\" href=\"https:\/\/gtmteknoloji.com\/b2b\/magaza\/ekran-karti\/profesyonel-grafik-kartlari\/nvidia-rtx-a400-4gb-900-5g172-2260-000\/\" \/>\n<meta property=\"og:locale\" content=\"tr_TR\" \/>\n<meta property=\"og:type\" content=\"article\" \/>\n<meta property=\"og:title\" content=\"NVIDIA RTX A400 4GB Profesyonel GPU | 900-5G172-2260-000\" \/>\n<meta property=\"og:description\" content=\"Nvidia RTX A400, Ampere mimarisiyle performans sunuyor. G\u00f6z al\u0131c\u0131 grafiklerle i\u015flerinizi h\u0131zl\u0131ca tamamlamak i\u00e7in bizi ziyaret edin! \ud83c\udfae\" \/>\n<meta property=\"og:url\" content=\"https:\/\/gtmteknoloji.com\/b2b\/magaza\/ekran-karti\/profesyonel-grafik-kartlari\/nvidia-rtx-a400-4gb-900-5g172-2260-000\/\" \/>\n<meta property=\"og:site_name\" content=\"GTM Teknoloji\" \/>\n<meta property=\"article:publisher\" content=\"https:\/\/www.facebook.com\/SupermicroTurkiye\/?locale=tr_TR\" \/>\n<meta property=\"article:modified_time\" content=\"2026-04-16T19:53:02+00:00\" \/>\n<meta property=\"og:image\" content=\"https:\/\/gtmteknoloji.com\/b2b\/wp-content\/uploads\/2025\/11\/04-NVIDIA-RTX-A1000-gtm-teknoloji.png\" \/>\n\t<meta property=\"og:image:width\" content=\"800\" \/>\n\t<meta property=\"og:image:height\" content=\"800\" \/>\n\t<meta property=\"og:image:type\" content=\"image\/png\" \/>\n<meta name=\"twitter:card\" content=\"summary_large_image\" \/>\n<meta name=\"twitter:site\" content=\"@gtmteknoloji\" \/>\n<meta name=\"twitter:label1\" content=\"Fiyat\" \/>\n\t<meta name=\"twitter:data1\" content=\"&#036;189,00 + KDV\" \/>\n\t<meta name=\"twitter:label2\" content=\"Durumu\" \/>\n\t<meta name=\"twitter:data2\" content=\"Stokta var\" \/>\n<script type=\"application\/ld+json\" class=\"yoast-schema-graph\">{\"@context\":\"https:\\\/\\\/schema.org\",\"@graph\":[{\"@type\":\"WebPage\",\"@id\":\"https:\\\/\\\/gtmteknoloji.com\\\/b2b\\\/magaza\\\/ekran-karti\\\/profesyonel-grafik-kartlari\\\/nvidia-rtx-a400-4gb-900-5g172-2260-000\\\/\",\"url\":\"https:\\\/\\\/gtmteknoloji.com\\\/b2b\\\/magaza\\\/ekran-karti\\\/profesyonel-grafik-kartlari\\\/nvidia-rtx-a400-4gb-900-5g172-2260-000\\\/\",\"name\":\"Nvidia RTX A400: Yapay Zeka ve H\u0131zland\u0131r\u0131lm\u0131\u015f Grafik - GTM Teknoloji\",\"isPartOf\":{\"@id\":\"https:\\\/\\\/gtmteknoloji.com\\\/b2b\\\/#website\"},\"primaryImageOfPage\":{\"@id\":\"https:\\\/\\\/gtmteknoloji.com\\\/b2b\\\/magaza\\\/ekran-karti\\\/profesyonel-grafik-kartlari\\\/nvidia-rtx-a400-4gb-900-5g172-2260-000\\\/#primaryimage\"},\"image\":{\"@id\":\"https:\\\/\\\/gtmteknoloji.com\\\/b2b\\\/magaza\\\/ekran-karti\\\/profesyonel-grafik-kartlari\\\/nvidia-rtx-a400-4gb-900-5g172-2260-000\\\/#primaryimage\"},\"thumbnailUrl\":\"https:\\\/\\\/gtmteknoloji.com\\\/b2b\\\/wp-content\\\/uploads\\\/2025\\\/11\\\/04-NVIDIA-RTX-A1000-gtm-teknoloji.png\",\"datePublished\":\"2025-11-13T16:37:57+00:00\",\"dateModified\":\"2026-04-16T19:53:02+00:00\",\"description\":\"Nvidia RTX A400, Ampere mimarisiyle performans sunuyor. G\u00f6z al\u0131c\u0131 grafiklerle i\u015flerinizi h\u0131zl\u0131ca tamamlamak i\u00e7in bizi ziyaret edin! \ud83c\udfae\",\"breadcrumb\":{\"@id\":\"https:\\\/\\\/gtmteknoloji.com\\\/b2b\\\/magaza\\\/ekran-karti\\\/profesyonel-grafik-kartlari\\\/nvidia-rtx-a400-4gb-900-5g172-2260-000\\\/#breadcrumb\"},\"inLanguage\":\"tr\",\"potentialAction\":[{\"@type\":\"ReadAction\",\"target\":[\"https:\\\/\\\/gtmteknoloji.com\\\/b2b\\\/magaza\\\/ekran-karti\\\/profesyonel-grafik-kartlari\\\/nvidia-rtx-a400-4gb-900-5g172-2260-000\\\/\"]}]},{\"@type\":\"ImageObject\",\"inLanguage\":\"tr\",\"@id\":\"https:\\\/\\\/gtmteknoloji.com\\\/b2b\\\/magaza\\\/ekran-karti\\\/profesyonel-grafik-kartlari\\\/nvidia-rtx-a400-4gb-900-5g172-2260-000\\\/#primaryimage\",\"url\":\"https:\\\/\\\/gtmteknoloji.com\\\/b2b\\\/wp-content\\\/uploads\\\/2025\\\/11\\\/04-NVIDIA-RTX-A1000-gtm-teknoloji.png\",\"contentUrl\":\"https:\\\/\\\/gtmteknoloji.com\\\/b2b\\\/wp-content\\\/uploads\\\/2025\\\/11\\\/04-NVIDIA-RTX-A1000-gtm-teknoloji.png\",\"width\":800,\"height\":800},{\"@type\":\"BreadcrumbList\",\"@id\":\"https:\\\/\\\/gtmteknoloji.com\\\/b2b\\\/magaza\\\/ekran-karti\\\/profesyonel-grafik-kartlari\\\/nvidia-rtx-a400-4gb-900-5g172-2260-000\\\/#breadcrumb\",\"itemListElement\":[{\"@type\":\"ListItem\",\"position\":1,\"name\":\"Home\",\"item\":\"https:\\\/\\\/gtmteknoloji.com\\\/b2b\\\/\"},{\"@type\":\"ListItem\",\"position\":2,\"name\":\"Ma\u011faza\",\"item\":\"https:\\\/\\\/gtmteknoloji.com\\\/b2b\\\/magaza\\\/\"},{\"@type\":\"ListItem\",\"position\":3,\"name\":\"NVIDIA RTX A400 4GB Profesyonel GPU | 900-5G172-2260-000\"}]},{\"@type\":\"WebSite\",\"@id\":\"https:\\\/\\\/gtmteknoloji.com\\\/b2b\\\/#website\",\"url\":\"https:\\\/\\\/gtmteknoloji.com\\\/b2b\\\/\",\"name\":\"GTM Teknoloji\",\"description\":\"B2B Sat\u0131\u015f Portal\u0131\",\"publisher\":{\"@id\":\"https:\\\/\\\/gtmteknoloji.com\\\/b2b\\\/#organization\"},\"potentialAction\":[{\"@type\":\"SearchAction\",\"target\":{\"@type\":\"EntryPoint\",\"urlTemplate\":\"https:\\\/\\\/gtmteknoloji.com\\\/b2b\\\/?s={search_term_string}\"},\"query-input\":{\"@type\":\"PropertyValueSpecification\",\"valueRequired\":true,\"valueName\":\"search_term_string\"}}],\"inLanguage\":\"tr\"},{\"@type\":\"Organization\",\"@id\":\"https:\\\/\\\/gtmteknoloji.com\\\/b2b\\\/#organization\",\"name\":\"GTM Teknoloji\",\"url\":\"https:\\\/\\\/gtmteknoloji.com\\\/b2b\\\/\",\"logo\":{\"@type\":\"ImageObject\",\"inLanguage\":\"tr\",\"@id\":\"https:\\\/\\\/gtmteknoloji.com\\\/b2b\\\/#\\\/schema\\\/logo\\\/image\\\/\",\"url\":\"https:\\\/\\\/gtmteknoloji.com\\\/b2b\\\/wp-content\\\/uploads\\\/2020\\\/12\\\/GTM-logo.png\",\"contentUrl\":\"https:\\\/\\\/gtmteknoloji.com\\\/b2b\\\/wp-content\\\/uploads\\\/2020\\\/12\\\/GTM-logo.png\",\"width\":400,\"height\":400,\"caption\":\"GTM Teknoloji\"},\"image\":{\"@id\":\"https:\\\/\\\/gtmteknoloji.com\\\/b2b\\\/#\\\/schema\\\/logo\\\/image\\\/\"},\"sameAs\":[\"https:\\\/\\\/www.facebook.com\\\/SupermicroTurkiye\\\/?locale=tr_TR\",\"https:\\\/\\\/x.com\\\/gtmteknoloji\"]}]}<\/script>\n<meta property=\"product:brand\" content=\"PNY\" \/>\n<meta property=\"product:price:amount\" content=\"189.00\" \/>\n<meta property=\"product:price:currency\" content=\"USD\" \/>\n<meta property=\"og:availability\" content=\"instock\" \/>\n<meta property=\"product:availability\" content=\"instock\" \/>\n<meta property=\"product:condition\" content=\"new\" \/>\n<!-- \/ Yoast SEO Premium plugin. -->","yoast_head_json":{"title":"Nvidia RTX A400: Yapay Zeka ve H\u0131zland\u0131r\u0131lm\u0131\u015f Grafik - GTM Teknoloji","description":"Nvidia RTX A400, Ampere mimarisiyle performans sunuyor. G\u00f6z al\u0131c\u0131 grafiklerle i\u015flerinizi h\u0131zl\u0131ca tamamlamak i\u00e7in bizi ziyaret edin! \ud83c\udfae","robots":{"index":"index","follow":"follow","max-snippet":"max-snippet:-1","max-image-preview":"max-image-preview:large","max-video-preview":"max-video-preview:-1"},"canonical":"https:\/\/gtmteknoloji.com\/b2b\/magaza\/ekran-karti\/profesyonel-grafik-kartlari\/nvidia-rtx-a400-4gb-900-5g172-2260-000\/","og_locale":"tr_TR","og_type":"article","og_title":"NVIDIA RTX A400 4GB Profesyonel GPU | 900-5G172-2260-000","og_description":"Nvidia RTX A400, Ampere mimarisiyle performans sunuyor. G\u00f6z al\u0131c\u0131 grafiklerle i\u015flerinizi h\u0131zl\u0131ca tamamlamak i\u00e7in bizi ziyaret edin! \ud83c\udfae","og_url":"https:\/\/gtmteknoloji.com\/b2b\/magaza\/ekran-karti\/profesyonel-grafik-kartlari\/nvidia-rtx-a400-4gb-900-5g172-2260-000\/","og_site_name":"GTM Teknoloji","article_publisher":"https:\/\/www.facebook.com\/SupermicroTurkiye\/?locale=tr_TR","article_modified_time":"2026-04-16T19:53:02+00:00","og_image":[{"width":800,"height":800,"url":"https:\/\/gtmteknoloji.com\/b2b\/wp-content\/uploads\/2025\/11\/04-NVIDIA-RTX-A1000-gtm-teknoloji.png","type":"image\/png"}],"twitter_card":"summary_large_image","twitter_site":"@gtmteknoloji","twitter_misc":{"Fiyat":"&#36;189,00 + KDV","Durumu":"Stokta var"},"schema":{"@context":"https:\/\/schema.org","@graph":[{"@type":"WebPage","@id":"https:\/\/gtmteknoloji.com\/b2b\/magaza\/ekran-karti\/profesyonel-grafik-kartlari\/nvidia-rtx-a400-4gb-900-5g172-2260-000\/","url":"https:\/\/gtmteknoloji.com\/b2b\/magaza\/ekran-karti\/profesyonel-grafik-kartlari\/nvidia-rtx-a400-4gb-900-5g172-2260-000\/","name":"Nvidia RTX A400: Yapay Zeka ve H\u0131zland\u0131r\u0131lm\u0131\u015f Grafik - GTM Teknoloji","isPartOf":{"@id":"https:\/\/gtmteknoloji.com\/b2b\/#website"},"primaryImageOfPage":{"@id":"https:\/\/gtmteknoloji.com\/b2b\/magaza\/ekran-karti\/profesyonel-grafik-kartlari\/nvidia-rtx-a400-4gb-900-5g172-2260-000\/#primaryimage"},"image":{"@id":"https:\/\/gtmteknoloji.com\/b2b\/magaza\/ekran-karti\/profesyonel-grafik-kartlari\/nvidia-rtx-a400-4gb-900-5g172-2260-000\/#primaryimage"},"thumbnailUrl":"https:\/\/gtmteknoloji.com\/b2b\/wp-content\/uploads\/2025\/11\/04-NVIDIA-RTX-A1000-gtm-teknoloji.png","datePublished":"2025-11-13T16:37:57+00:00","dateModified":"2026-04-16T19:53:02+00:00","description":"Nvidia RTX A400, Ampere mimarisiyle performans sunuyor. G\u00f6z al\u0131c\u0131 grafiklerle i\u015flerinizi h\u0131zl\u0131ca tamamlamak i\u00e7in bizi ziyaret edin! \ud83c\udfae","breadcrumb":{"@id":"https:\/\/gtmteknoloji.com\/b2b\/magaza\/ekran-karti\/profesyonel-grafik-kartlari\/nvidia-rtx-a400-4gb-900-5g172-2260-000\/#breadcrumb"},"inLanguage":"tr","potentialAction":[{"@type":"ReadAction","target":["https:\/\/gtmteknoloji.com\/b2b\/magaza\/ekran-karti\/profesyonel-grafik-kartlari\/nvidia-rtx-a400-4gb-900-5g172-2260-000\/"]}]},{"@type":"ImageObject","inLanguage":"tr","@id":"https:\/\/gtmteknoloji.com\/b2b\/magaza\/ekran-karti\/profesyonel-grafik-kartlari\/nvidia-rtx-a400-4gb-900-5g172-2260-000\/#primaryimage","url":"https:\/\/gtmteknoloji.com\/b2b\/wp-content\/uploads\/2025\/11\/04-NVIDIA-RTX-A1000-gtm-teknoloji.png","contentUrl":"https:\/\/gtmteknoloji.com\/b2b\/wp-content\/uploads\/2025\/11\/04-NVIDIA-RTX-A1000-gtm-teknoloji.png","width":800,"height":800},{"@type":"BreadcrumbList","@id":"https:\/\/gtmteknoloji.com\/b2b\/magaza\/ekran-karti\/profesyonel-grafik-kartlari\/nvidia-rtx-a400-4gb-900-5g172-2260-000\/#breadcrumb","itemListElement":[{"@type":"ListItem","position":1,"name":"Home","item":"https:\/\/gtmteknoloji.com\/b2b\/"},{"@type":"ListItem","position":2,"name":"Ma\u011faza","item":"https:\/\/gtmteknoloji.com\/b2b\/magaza\/"},{"@type":"ListItem","position":3,"name":"NVIDIA RTX A400 4GB Profesyonel GPU | 900-5G172-2260-000"}]},{"@type":"WebSite","@id":"https:\/\/gtmteknoloji.com\/b2b\/#website","url":"https:\/\/gtmteknoloji.com\/b2b\/","name":"GTM Teknoloji","description":"B2B Sat\u0131\u015f Portal\u0131","publisher":{"@id":"https:\/\/gtmteknoloji.com\/b2b\/#organization"},"potentialAction":[{"@type":"SearchAction","target":{"@type":"EntryPoint","urlTemplate":"https:\/\/gtmteknoloji.com\/b2b\/?s={search_term_string}"},"query-input":{"@type":"PropertyValueSpecification","valueRequired":true,"valueName":"search_term_string"}}],"inLanguage":"tr"},{"@type":"Organization","@id":"https:\/\/gtmteknoloji.com\/b2b\/#organization","name":"GTM Teknoloji","url":"https:\/\/gtmteknoloji.com\/b2b\/","logo":{"@type":"ImageObject","inLanguage":"tr","@id":"https:\/\/gtmteknoloji.com\/b2b\/#\/schema\/logo\/image\/","url":"https:\/\/gtmteknoloji.com\/b2b\/wp-content\/uploads\/2020\/12\/GTM-logo.png","contentUrl":"https:\/\/gtmteknoloji.com\/b2b\/wp-content\/uploads\/2020\/12\/GTM-logo.png","width":400,"height":400,"caption":"GTM Teknoloji"},"image":{"@id":"https:\/\/gtmteknoloji.com\/b2b\/#\/schema\/logo\/image\/"},"sameAs":["https:\/\/www.facebook.com\/SupermicroTurkiye\/?locale=tr_TR","https:\/\/x.com\/gtmteknoloji"]}]},"product_brand":"PNY","product_price_amount":"189.00","product_price_currency":"USD","og_availability":"instock","product_availability":"instock","product_condition":"new"},"_links":{"self":[{"href":"https:\/\/gtmteknoloji.com\/b2b\/wp-json\/wp\/v2\/product\/10397","targetHints":{"allow":["GET"]}}],"collection":[{"href":"https:\/\/gtmteknoloji.com\/b2b\/wp-json\/wp\/v2\/product"}],"about":[{"href":"https:\/\/gtmteknoloji.com\/b2b\/wp-json\/wp\/v2\/types\/product"}],"version-history":[{"count":5,"href":"https:\/\/gtmteknoloji.com\/b2b\/wp-json\/wp\/v2\/product\/10397\/revisions"}],"predecessor-version":[{"id":10909,"href":"https:\/\/gtmteknoloji.com\/b2b\/wp-json\/wp\/v2\/product\/10397\/revisions\/10909"}],"wp:featuredmedia":[{"embeddable":true,"href":"https:\/\/gtmteknoloji.com\/b2b\/wp-json\/wp\/v2\/media\/10389"}],"wp:attachment":[{"href":"https:\/\/gtmteknoloji.com\/b2b\/wp-json\/wp\/v2\/media?parent=10397"}],"wp:term":[{"taxonomy":"product_brand","embeddable":true,"href":"https:\/\/gtmteknoloji.com\/b2b\/wp-json\/wp\/v2\/product_brand?post=10397"},{"taxonomy":"product_cat","embeddable":true,"href":"https:\/\/gtmteknoloji.com\/b2b\/wp-json\/wp\/v2\/product_cat?post=10397"},{"taxonomy":"product_tag","embeddable":true,"href":"https:\/\/gtmteknoloji.com\/b2b\/wp-json\/wp\/v2\/product_tag?post=10397"}],"curies":[{"name":"wp","href":"https:\/\/api.w.org\/{rel}","templated":true}]}}