{"id":9024,"date":"2025-04-14T04:25:33","date_gmt":"2025-04-14T01:25:33","guid":{"rendered":"https:\/\/gtmteknoloji.com\/b2b\/?post_type=product&#038;p=9024"},"modified":"2025-04-14T04:25:35","modified_gmt":"2025-04-14T01:25:35","slug":"superserver-2028u-tnr4t-server","status":"publish","type":"product","link":"https:\/\/gtmteknoloji.com\/b2b\/magaza\/server\/ultra-server\/superserver-2028u-tnr4t-server\/","title":{"rendered":"SuperServer 2028U-TNR4T+ Server"},"content":{"rendered":"<table class=\"table_5_10 table_compare\">\n<tbody>\n<tr class=\"details\">\n<td class=\"label\">\u00dcr\u00fcn<\/td>\n<td>Supermicro Ultra SuperServer 2028U-TNRT + &#8211; 2U &#8211; 24x 2,5 &#8220;SATA \/ NVMe &#8211; \u00c7ift 10 Gigabit Ethernet (RJ45) &#8211; 1000W Yedekli<\/td>\n<td>Supermicro Ultra SuperServer 2028U-TNR4T + &#8211; 2U &#8211; 24x 2,5 &#8220;SATA \/ NVMe &#8211; D\u00f6rtl\u00fc 10 Gigabit Ethernet (RJ45) &#8211; 1000W Yedekli<\/td>\n<\/tr>\n<tr class=\"details\">\n<td class=\"label\"><\/td>\n<td><\/td>\n<td><\/td>\n<\/tr>\n<tr class=\"details\">\n<td class=\"label\"><\/td>\n<td><\/td>\n<td><\/td>\n<\/tr>\n<tr class=\"details\">\n<td class=\"label\">\u00dcretici firma<\/td>\n<td>Supermicro<\/td>\n<td>Supermicro<\/td>\n<\/tr>\n<tr class=\"details\">\n<td class=\"label\">Par\u00e7a Numaras\u0131<\/td>\n<td>SYS-2028U-TNRT +<\/td>\n<td>SYS-2028U-TNR4T +<\/td>\n<\/tr>\n<tr class=\"category\">\n<td colspan=\"3\">Ana \u00d6zellikler<\/td>\n<\/tr>\n<tr class=\"details\">\n<td class=\"label\">Dizi<\/td>\n<td>Ultra S\u00fcper Sunucu<\/td>\n<td>Ultra S\u00fcper Sunucu<\/td>\n<\/tr>\n<tr class=\"details\">\n<td class=\"label\">Desteklenen \u0130\u015flemci<\/td>\n<td>Intel Xeon \u0130\u015flemci E5-2600 v4 \/ v3 Serisi<\/td>\n<td>Intel Xeon \u0130\u015flemci E5-2600 v4 \/ v3 Serisi<\/td>\n<\/tr>\n<tr class=\"details\">\n<td class=\"label\">Sistem Veri Yolu<\/td>\n<td>9.6 GT \/ s QPI<\/td>\n<td>9.6 GT \/ s QPI<\/td>\n<\/tr>\n<tr class=\"details\">\n<td class=\"label\">Bellek Teknolojisi<\/td>\n<td>DDR4 ECC Kayd\u0131<\/td>\n<td>DDR4 ECC Kayd\u0131<\/td>\n<\/tr>\n<tr class=\"details\">\n<td class=\"label\">Yonga seti<\/td>\n<td>Intel C612<\/td>\n<td>Intel C612<\/td>\n<\/tr>\n<tr class=\"details\">\n<td class=\"label\">Form fakt\u00f6r\u00fc<\/td>\n<td>2U<\/td>\n<td>2U<\/td>\n<\/tr>\n<tr class=\"details\">\n<td class=\"label\">Renk<\/td>\n<td>Siyah<\/td>\n<td>Siyah<\/td>\n<\/tr>\n<tr class=\"details\">\n<td class=\"label\">Backplane<\/td>\n<td>SATA \/ SAS \u00c7ok D\u00fczlemli<\/td>\n<td>SATA \/ SAS \u00c7ok D\u00fczlemli<\/td>\n<\/tr>\n<tr class=\"category\">\n<td colspan=\"3\">Detayl\u0131 \u00d6zellikler<\/td>\n<\/tr>\n<tr class=\"details\">\n<td class=\"label\">Bellek Yuvalar\u0131<\/td>\n<td>24&#215;288 pimli DIMM Soketleri<\/td>\n<td>24&#215;288 pimli DIMM Soketleri<\/td>\n<\/tr>\n<tr class=\"details\">\n<td class=\"label\">Grafik<\/td>\n<td>ASPEED AST2400 BMC<\/td>\n<td>ASPEED AST2400 BMC<\/td>\n<\/tr>\n<tr class=\"details\">\n<td class=\"label\">Ethernet<\/td>\n<td>AOC-UR-i2XT \u00fczerinden 2x 10GBase-T ba\u011flant\u0131 noktas\u0131<\/td>\n<td>AOC-UR-i4XT ile 4x 10GBase-T ba\u011flant\u0131 noktalar\u0131<\/td>\n<\/tr>\n<tr class=\"details\">\n<td class=\"label\">Seri ata<\/td>\n<td>RAID 0, 1, 5, 10 ile SATA3 (6Gbps)<\/td>\n<td>RAID 0, 1, 5, 10 ile SATA3 (6Gbps)<\/td>\n<\/tr>\n<tr class=\"details\">\n<td class=\"label\">G\u00fc\u00e7<\/td>\n<td>1000W Titanyum Seviyesi (% 96) Y\u00fcksek verimli Yedekli Tek \u00c7\u0131k\u0131\u015fl\u0131 G\u00fc\u00e7 Kaynaklar\u0131<\/td>\n<td>1000W Titanyum Seviyesi (% 96) Y\u00fcksek verimli Yedekli Tek \u00c7\u0131k\u0131\u015fl\u0131 G\u00fc\u00e7 Kaynaklar\u0131<\/td>\n<\/tr>\n<tr class=\"details\">\n<td class=\"label\">Harici Yuvalar<\/td>\n<td>24&#215;2.5 in\u00e7 \u00c7al\u0131\u015f\u0131rken De\u011fi\u015ftirilebilir SATA \/ NVMe S\u00fcr\u00fcc\u00fc Yuvalar\u0131<\/td>\n<td>24&#215;2.5 in\u00e7 \u00c7al\u0131\u015f\u0131rken De\u011fi\u015ftirilebilir SATA \/ NVMe S\u00fcr\u00fcc\u00fc Yuvalar\u0131<\/td>\n<\/tr>\n<tr class=\"details\">\n<td class=\"label\">Geni\u015fleme yuvalar\u0131<\/td>\n<td>7x PCI-E 3.0 x8 (5x FH, 1x LP, 1x dahili)<\/td>\n<td>6x PCI-E 3.0 x8 (4x FH, 1x LP, 1x dahili)<\/td>\n<\/tr>\n<tr class=\"details\">\n<td class=\"label\">y\u00f6netim<\/td>\n<td>\u00d6zel LAN<br \/>\nSuperDoctor 5, Watchdog\u00a0ile IPMI 2.0 + KVM<\/td>\n<td>\u00d6zel LAN<br \/>\nSuperDoctor 5, Watchdog\u00a0ile IPMI 2.0 + KVM<\/td>\n<\/tr>\n<tr class=\"details\">\n<td class=\"label\">\u00d6n panel<\/td>\n<td>G\u00fc\u00e7 A\u00e7ma \/ Kapama d\u00fc\u011fmesi<br \/>\nSistem S\u0131f\u0131rlama d\u00fc\u011fmesi<br \/>\nG\u00fc\u00e7 LED&#8217;i<br \/>\nSabit s\u00fcr\u00fcc\u00fc etkinlik LED&#8217;i<br \/>\n2x A\u011f etkinlik LED&#8217;leri<br \/>\nSistem A\u015f\u0131r\u0131 \u0131s\u0131nma LED \/ Fan ar\u0131zas\u0131 LED \/ UID LED<\/td>\n<td>G\u00fc\u00e7 A\u00e7ma \/ Kapama d\u00fc\u011fmesi<br \/>\nSistem S\u0131f\u0131rlama d\u00fc\u011fmesi<br \/>\nG\u00fc\u00e7 LED&#8217;i<br \/>\nSabit s\u00fcr\u00fcc\u00fc etkinlik LED&#8217;i<br \/>\n2x A\u011f etkinlik LED&#8217;leri<br \/>\nSistem A\u015f\u0131r\u0131 \u0131s\u0131nma LED \/ Fan ar\u0131zas\u0131 LED \/ UID LED<\/td>\n<\/tr>\n<tr class=\"details\">\n<td class=\"label\">Arka panel<\/td>\n<td>2x USB 3.0 ba\u011flant\u0131 noktas\u0131<br \/>\n2x RJ45 10GBase-T LAN ba\u011flant\u0131 noktas\u0131<br \/>\n1x RJ45 \u00d6zel IPMI LAN ba\u011flant\u0131 noktas\u0131<br \/>\n1x VGA ba\u011flant\u0131 noktas\u0131<\/td>\n<td>2x USB 3.0 ba\u011flant\u0131 noktas\u0131<br \/>\n4x RJ45 10GBase-T ba\u011flant\u0131 noktas\u0131<br \/>\n1x RJ45 \u00d6zel IPMI LAN ba\u011flant\u0131 noktas\u0131<br \/>\n1x VGA ba\u011flant\u0131 noktas\u0131<\/td>\n<\/tr>\n<tr class=\"details\">\n<td class=\"label\">BIOS<\/td>\n<td>AMI\u00ae BIOS&#8217;lu 128Mb SPI Flash EEPROM<\/td>\n<td>AMI\u00ae BIOS&#8217;lu 128Mb SPI Flash EEPROM<\/td>\n<\/tr>\n<tr class=\"details\">\n<td class=\"label\">So\u011futma<\/td>\n<td>4x8cm a\u011f\u0131r hizmet tipi PWM fanlar<\/td>\n<td>4x8cm a\u011f\u0131r hizmet tipi PWM fanlar<\/td>\n<\/tr>\n<tr class=\"details\">\n<td class=\"label\">Boyutlar (GxYxD)<\/td>\n<td>437 mm (17,2 in\u00e7) x 3,5 in\u00e7 (89 mm) x 25,5 in\u00e7 (647 mm)<\/td>\n<td>437 mm (17,2 in\u00e7) x 3,5 in\u00e7 (89 mm) x 25,5 in\u00e7 (647 mm)<\/td>\n<\/tr>\n<tr class=\"details\">\n<td class=\"label\">Br\u00fct a\u011f\u0131rl\u0131k<\/td>\n<td>16,4 kg (36 lbs)<\/td>\n<td>16,4 kg (36 lbs)<\/td>\n<\/tr>\n<tr class=\"details\">\n<td class=\"label\">PCI Express x8<\/td>\n<td>7<\/td>\n<td>6<\/td>\n<\/tr>\n<tr class=\"details\">\n<td class=\"label\">USB Ba\u011flant\u0131 Noktalar\u0131<\/td>\n<td>5x USB 3.0 ba\u011flant\u0131 noktas\u0131 (2 arka, 2 yerle\u015fik ba\u015fl\u0131k, 1 Tip A)<\/td>\n<td>5x USB 3.0 ba\u011flant\u0131 noktas\u0131 (2 arka, 2 yerle\u015fik ba\u015fl\u0131k, 1 Tip A)<\/td>\n<\/tr>\n<tr class=\"details\">\n<td class=\"label\">Seri ba\u011flant\u0131 giri\u015fleri<\/td>\n<td>1x Seri ba\u015fl\u0131k<\/td>\n<td>1x Seri ba\u015fl\u0131k<\/td>\n<\/tr>\n<tr class=\"details\">\n<td class=\"label\">LAN Ba\u011flant\u0131 Noktalar\u0131<\/td>\n<td>2x RJ45 10GBase-T LAN ba\u011flant\u0131 noktas\u0131<br \/>\n1x RJ45 \u00d6zel IPMI LAN ba\u011flant\u0131 noktas\u0131<\/td>\n<td>4x RJ45 10GBase-T LAN ba\u011flant\u0131 noktas\u0131<br \/>\n1x RJ45 \u00d6zel IPMI LAN ba\u011flant\u0131 noktas\u0131<\/td>\n<\/tr>\n<tr class=\"details\">\n<td class=\"label\">NVMe 6.4Gbps Ba\u011flant\u0131 Noktalar\u0131<\/td>\n<td>4<\/td>\n<td>4<\/td>\n<\/tr>\n<tr class=\"details\">\n<td class=\"label\">SATA 6Gbps AHCI Denetleyici<\/td>\n<td>Intel C612<\/td>\n<td>Intel C612<\/td>\n<\/tr>\n<tr class=\"details\">\n<td class=\"label\">SATA 6Gbps AHCI Ba\u011flant\u0131 Noktalar\u0131<\/td>\n<td>6<\/td>\n<td>6<\/td>\n<\/tr>\n<tr class=\"details\">\n<td class=\"label\">SATA 6Gbps AHCI RAID Seviyeleri<\/td>\n<td>0,1,5,10<\/td>\n<td>0,1,5,10<\/td>\n<\/tr>\n<tr class=\"details\">\n<td class=\"label\">SATA 6Gbps SCU Denetleyici<\/td>\n<td>sSATA<\/td>\n<td>sSATA<\/td>\n<\/tr>\n<tr class=\"details\">\n<td class=\"label\">SATA 6Gbps SCU Ba\u011flant\u0131 Noktalar\u0131<\/td>\n<td>4<\/td>\n<td>4<\/td>\n<\/tr>\n<tr class=\"details\">\n<td class=\"label\">SATA 6Gbps SCU RAID Seviyeleri<\/td>\n<td>0,1,5,10<\/td>\n<td>0,1,5,10<\/td>\n<\/tr>\n<tr class=\"details\">\n<td class=\"label\">SATA DOM<\/td>\n<td>Dahili g\u00fc\u00e7 ile 2x SATA DOM deste\u011fi<\/td>\n<td>Dahili g\u00fc\u00e7 ile 2x SATA DOM deste\u011fi<\/td>\n<\/tr>\n<tr class=\"details\">\n<td class=\"label\">T\u00fcmle\u015fik Grafik<\/td>\n<td>Evet<\/td>\n<td>Evet<\/td>\n<\/tr>\n<tr class=\"details\">\n<td class=\"label\">VGA Ba\u011flant\u0131 Noktalar\u0131<\/td>\n<td>1<\/td>\n<td>1<\/td>\n<\/tr>\n<tr class=\"details\">\n<td class=\"label\">G\u00fcvenilir Platform Mod\u00fcl\u00fc<\/td>\n<td>1x TPM 1.2 20 pimli Ba\u015fl\u0131k<\/td>\n<td>1x TPM 1.2 20 pimli Ba\u015fl\u0131k<\/td>\n<\/tr>\n<\/tbody>\n<\/table>\n","protected":false},"excerpt":{"rendered":"<h1><a href=\"https:\/\/gtmteknoloji.com\/teklif-talep\/\">TEKL\u0130F A<\/a>L<\/h1>\n<div class=\"container_16 systembucket bucket4022\">\n<div class=\"grid_14 products\">\n<div><label for=\"p_4022_9002\">Supermicro Ultra SuperServer 2028U-TNR4T+ &#8211; 2U &#8211; 24x 2.5&#8243; SATA\/NVMe &#8211; Quad 10-Gigabit Ethernet (RJ45) &#8211; 1000W Redundant<\/label><\/div>\n<\/div>\n<\/div>\n","protected":false},"featured_media":2168,"template":"","meta":[],"product_brand":[338],"product_cat":[1759,1761],"product_tag":[],"class_list":{"0":"post-9024","1":"product","2":"type-product","3":"status-publish","4":"has-post-thumbnail","6":"product_brand-supermicro-server-turkiye","7":"product_cat-server","8":"product_cat-ultra-server","10":"first","11":"instock","12":"taxable","13":"shipping-taxable","14":"product-type-external"},"yoast_head":"<!-- This site is optimized with the Yoast SEO Premium plugin v27.4 (Yoast SEO v27.4) - https:\/\/yoast.com\/product\/yoast-seo-premium-wordpress\/ -->\n<title>SuperServer 2028U-TNR4T+ Server - GTM Teknoloji<\/title>\n<meta name=\"robots\" content=\"index, follow, max-snippet:-1, max-image-preview:large, max-video-preview:-1\" \/>\n<link rel=\"canonical\" href=\"https:\/\/gtmteknoloji.com\/b2b\/magaza\/server\/ultra-server\/superserver-2028u-tnr4t-server\/\" \/>\n<meta property=\"og:locale\" content=\"tr_TR\" \/>\n<meta property=\"og:type\" content=\"article\" \/>\n<meta property=\"og:title\" content=\"SuperServer 2028U-TNR4T+ Server\" \/>\n<meta property=\"og:description\" content=\"TEKL\u0130F AL   Supermicro Ultra SuperServer 2028U-TNR4T+ - 2U - 24x 2.5&quot; SATA\/NVMe - Quad 10-Gigabit Ethernet (RJ45) - 1000W Redundant\" \/>\n<meta property=\"og:url\" content=\"https:\/\/gtmteknoloji.com\/b2b\/magaza\/server\/ultra-server\/superserver-2028u-tnr4t-server\/\" \/>\n<meta property=\"og:site_name\" content=\"GTM Teknoloji\" \/>\n<meta property=\"article:publisher\" content=\"https:\/\/www.facebook.com\/SupermicroTurkiye\/?locale=tr_TR\" \/>\n<meta property=\"article:modified_time\" content=\"2025-04-14T01:25:35+00:00\" \/>\n<meta property=\"og:image\" content=\"https:\/\/gtmteknoloji.com\/b2b\/wp-content\/uploads\/2019\/09\/SYS-2028U-E1CNR4T.jpg\" \/>\n\t<meta property=\"og:image:width\" content=\"500\" \/>\n\t<meta property=\"og:image:height\" content=\"500\" \/>\n\t<meta property=\"og:image:type\" content=\"image\/jpeg\" \/>\n<meta name=\"twitter:card\" content=\"summary_large_image\" \/>\n<meta name=\"twitter:site\" content=\"@gtmteknoloji\" \/>\n<meta name=\"twitter:label1\" content=\"Fiyat\" \/>\n\t<meta name=\"twitter:data1\" content=\"\" \/>\n\t<meta name=\"twitter:label2\" content=\"Durumu\" \/>\n\t<meta name=\"twitter:data2\" content=\"Stokta var\" \/>\n<script type=\"application\/ld+json\" class=\"yoast-schema-graph\">{\"@context\":\"https:\\\/\\\/schema.org\",\"@graph\":[{\"@type\":\"WebPage\",\"@id\":\"https:\\\/\\\/gtmteknoloji.com\\\/b2b\\\/magaza\\\/server\\\/ultra-server\\\/superserver-2028u-tnr4t-server\\\/\",\"url\":\"https:\\\/\\\/gtmteknoloji.com\\\/b2b\\\/magaza\\\/server\\\/ultra-server\\\/superserver-2028u-tnr4t-server\\\/\",\"name\":\"SuperServer 2028U-TNR4T+ Server - GTM Teknoloji\",\"isPartOf\":{\"@id\":\"https:\\\/\\\/gtmteknoloji.com\\\/b2b\\\/#website\"},\"primaryImageOfPage\":{\"@id\":\"https:\\\/\\\/gtmteknoloji.com\\\/b2b\\\/magaza\\\/server\\\/ultra-server\\\/superserver-2028u-tnr4t-server\\\/#primaryimage\"},\"image\":{\"@id\":\"https:\\\/\\\/gtmteknoloji.com\\\/b2b\\\/magaza\\\/server\\\/ultra-server\\\/superserver-2028u-tnr4t-server\\\/#primaryimage\"},\"thumbnailUrl\":\"https:\\\/\\\/gtmteknoloji.com\\\/b2b\\\/wp-content\\\/uploads\\\/2019\\\/09\\\/SYS-2028U-E1CNR4T.jpg\",\"datePublished\":\"2025-04-14T01:25:33+00:00\",\"dateModified\":\"2025-04-14T01:25:35+00:00\",\"breadcrumb\":{\"@id\":\"https:\\\/\\\/gtmteknoloji.com\\\/b2b\\\/magaza\\\/server\\\/ultra-server\\\/superserver-2028u-tnr4t-server\\\/#breadcrumb\"},\"inLanguage\":\"tr\",\"potentialAction\":[{\"@type\":\"ReadAction\",\"target\":[\"https:\\\/\\\/gtmteknoloji.com\\\/b2b\\\/magaza\\\/server\\\/ultra-server\\\/superserver-2028u-tnr4t-server\\\/\"]}]},{\"@type\":\"ImageObject\",\"inLanguage\":\"tr\",\"@id\":\"https:\\\/\\\/gtmteknoloji.com\\\/b2b\\\/magaza\\\/server\\\/ultra-server\\\/superserver-2028u-tnr4t-server\\\/#primaryimage\",\"url\":\"https:\\\/\\\/gtmteknoloji.com\\\/b2b\\\/wp-content\\\/uploads\\\/2019\\\/09\\\/SYS-2028U-E1CNR4T.jpg\",\"contentUrl\":\"https:\\\/\\\/gtmteknoloji.com\\\/b2b\\\/wp-content\\\/uploads\\\/2019\\\/09\\\/SYS-2028U-E1CNR4T.jpg\",\"width\":500,\"height\":500},{\"@type\":\"BreadcrumbList\",\"@id\":\"https:\\\/\\\/gtmteknoloji.com\\\/b2b\\\/magaza\\\/server\\\/ultra-server\\\/superserver-2028u-tnr4t-server\\\/#breadcrumb\",\"itemListElement\":[{\"@type\":\"ListItem\",\"position\":1,\"name\":\"Home\",\"item\":\"https:\\\/\\\/gtmteknoloji.com\\\/b2b\\\/\"},{\"@type\":\"ListItem\",\"position\":2,\"name\":\"Ma\u011faza\",\"item\":\"https:\\\/\\\/gtmteknoloji.com\\\/b2b\\\/magaza\\\/\"},{\"@type\":\"ListItem\",\"position\":3,\"name\":\"SuperServer 2028U-TNR4T+ Server\"}]},{\"@type\":\"WebSite\",\"@id\":\"https:\\\/\\\/gtmteknoloji.com\\\/b2b\\\/#website\",\"url\":\"https:\\\/\\\/gtmteknoloji.com\\\/b2b\\\/\",\"name\":\"GTM Teknoloji\",\"description\":\"B2B Sat\u0131\u015f Portal\u0131\",\"publisher\":{\"@id\":\"https:\\\/\\\/gtmteknoloji.com\\\/b2b\\\/#organization\"},\"potentialAction\":[{\"@type\":\"SearchAction\",\"target\":{\"@type\":\"EntryPoint\",\"urlTemplate\":\"https:\\\/\\\/gtmteknoloji.com\\\/b2b\\\/?s={search_term_string}\"},\"query-input\":{\"@type\":\"PropertyValueSpecification\",\"valueRequired\":true,\"valueName\":\"search_term_string\"}}],\"inLanguage\":\"tr\"},{\"@type\":\"Organization\",\"@id\":\"https:\\\/\\\/gtmteknoloji.com\\\/b2b\\\/#organization\",\"name\":\"GTM Teknoloji\",\"url\":\"https:\\\/\\\/gtmteknoloji.com\\\/b2b\\\/\",\"logo\":{\"@type\":\"ImageObject\",\"inLanguage\":\"tr\",\"@id\":\"https:\\\/\\\/gtmteknoloji.com\\\/b2b\\\/#\\\/schema\\\/logo\\\/image\\\/\",\"url\":\"https:\\\/\\\/gtmteknoloji.com\\\/b2b\\\/wp-content\\\/uploads\\\/2020\\\/12\\\/GTM-logo.png\",\"contentUrl\":\"https:\\\/\\\/gtmteknoloji.com\\\/b2b\\\/wp-content\\\/uploads\\\/2020\\\/12\\\/GTM-logo.png\",\"width\":400,\"height\":400,\"caption\":\"GTM Teknoloji\"},\"image\":{\"@id\":\"https:\\\/\\\/gtmteknoloji.com\\\/b2b\\\/#\\\/schema\\\/logo\\\/image\\\/\"},\"sameAs\":[\"https:\\\/\\\/www.facebook.com\\\/SupermicroTurkiye\\\/?locale=tr_TR\",\"https:\\\/\\\/x.com\\\/gtmteknoloji\"]}]}<\/script>\n<meta property=\"product:brand\" content=\"Supermicro\" \/>\n<meta property=\"product:price:currency\" content=\"USD\" \/>\n<meta property=\"og:availability\" content=\"instock\" \/>\n<meta property=\"product:availability\" content=\"instock\" \/>\n<meta property=\"product:retailer_item_id\" content=\"SYS-2028U-004\" \/>\n<meta property=\"product:condition\" content=\"new\" \/>\n<!-- \/ Yoast SEO Premium plugin. -->","yoast_head_json":{"title":"SuperServer 2028U-TNR4T+ Server - GTM Teknoloji","robots":{"index":"index","follow":"follow","max-snippet":"max-snippet:-1","max-image-preview":"max-image-preview:large","max-video-preview":"max-video-preview:-1"},"canonical":"https:\/\/gtmteknoloji.com\/b2b\/magaza\/server\/ultra-server\/superserver-2028u-tnr4t-server\/","og_locale":"tr_TR","og_type":"article","og_title":"SuperServer 2028U-TNR4T+ Server","og_description":"TEKL\u0130F AL   Supermicro Ultra SuperServer 2028U-TNR4T+ - 2U - 24x 2.5\" SATA\/NVMe - Quad 10-Gigabit Ethernet (RJ45) - 1000W Redundant","og_url":"https:\/\/gtmteknoloji.com\/b2b\/magaza\/server\/ultra-server\/superserver-2028u-tnr4t-server\/","og_site_name":"GTM Teknoloji","article_publisher":"https:\/\/www.facebook.com\/SupermicroTurkiye\/?locale=tr_TR","article_modified_time":"2025-04-14T01:25:35+00:00","og_image":[{"width":500,"height":500,"url":"https:\/\/gtmteknoloji.com\/b2b\/wp-content\/uploads\/2019\/09\/SYS-2028U-E1CNR4T.jpg","type":"image\/jpeg"}],"twitter_card":"summary_large_image","twitter_site":"@gtmteknoloji","twitter_misc":{"Fiyat":"","Durumu":"Stokta var"},"schema":{"@context":"https:\/\/schema.org","@graph":[{"@type":"WebPage","@id":"https:\/\/gtmteknoloji.com\/b2b\/magaza\/server\/ultra-server\/superserver-2028u-tnr4t-server\/","url":"https:\/\/gtmteknoloji.com\/b2b\/magaza\/server\/ultra-server\/superserver-2028u-tnr4t-server\/","name":"SuperServer 2028U-TNR4T+ Server - GTM Teknoloji","isPartOf":{"@id":"https:\/\/gtmteknoloji.com\/b2b\/#website"},"primaryImageOfPage":{"@id":"https:\/\/gtmteknoloji.com\/b2b\/magaza\/server\/ultra-server\/superserver-2028u-tnr4t-server\/#primaryimage"},"image":{"@id":"https:\/\/gtmteknoloji.com\/b2b\/magaza\/server\/ultra-server\/superserver-2028u-tnr4t-server\/#primaryimage"},"thumbnailUrl":"https:\/\/gtmteknoloji.com\/b2b\/wp-content\/uploads\/2019\/09\/SYS-2028U-E1CNR4T.jpg","datePublished":"2025-04-14T01:25:33+00:00","dateModified":"2025-04-14T01:25:35+00:00","breadcrumb":{"@id":"https:\/\/gtmteknoloji.com\/b2b\/magaza\/server\/ultra-server\/superserver-2028u-tnr4t-server\/#breadcrumb"},"inLanguage":"tr","potentialAction":[{"@type":"ReadAction","target":["https:\/\/gtmteknoloji.com\/b2b\/magaza\/server\/ultra-server\/superserver-2028u-tnr4t-server\/"]}]},{"@type":"ImageObject","inLanguage":"tr","@id":"https:\/\/gtmteknoloji.com\/b2b\/magaza\/server\/ultra-server\/superserver-2028u-tnr4t-server\/#primaryimage","url":"https:\/\/gtmteknoloji.com\/b2b\/wp-content\/uploads\/2019\/09\/SYS-2028U-E1CNR4T.jpg","contentUrl":"https:\/\/gtmteknoloji.com\/b2b\/wp-content\/uploads\/2019\/09\/SYS-2028U-E1CNR4T.jpg","width":500,"height":500},{"@type":"BreadcrumbList","@id":"https:\/\/gtmteknoloji.com\/b2b\/magaza\/server\/ultra-server\/superserver-2028u-tnr4t-server\/#breadcrumb","itemListElement":[{"@type":"ListItem","position":1,"name":"Home","item":"https:\/\/gtmteknoloji.com\/b2b\/"},{"@type":"ListItem","position":2,"name":"Ma\u011faza","item":"https:\/\/gtmteknoloji.com\/b2b\/magaza\/"},{"@type":"ListItem","position":3,"name":"SuperServer 2028U-TNR4T+ Server"}]},{"@type":"WebSite","@id":"https:\/\/gtmteknoloji.com\/b2b\/#website","url":"https:\/\/gtmteknoloji.com\/b2b\/","name":"GTM Teknoloji","description":"B2B Sat\u0131\u015f Portal\u0131","publisher":{"@id":"https:\/\/gtmteknoloji.com\/b2b\/#organization"},"potentialAction":[{"@type":"SearchAction","target":{"@type":"EntryPoint","urlTemplate":"https:\/\/gtmteknoloji.com\/b2b\/?s={search_term_string}"},"query-input":{"@type":"PropertyValueSpecification","valueRequired":true,"valueName":"search_term_string"}}],"inLanguage":"tr"},{"@type":"Organization","@id":"https:\/\/gtmteknoloji.com\/b2b\/#organization","name":"GTM Teknoloji","url":"https:\/\/gtmteknoloji.com\/b2b\/","logo":{"@type":"ImageObject","inLanguage":"tr","@id":"https:\/\/gtmteknoloji.com\/b2b\/#\/schema\/logo\/image\/","url":"https:\/\/gtmteknoloji.com\/b2b\/wp-content\/uploads\/2020\/12\/GTM-logo.png","contentUrl":"https:\/\/gtmteknoloji.com\/b2b\/wp-content\/uploads\/2020\/12\/GTM-logo.png","width":400,"height":400,"caption":"GTM Teknoloji"},"image":{"@id":"https:\/\/gtmteknoloji.com\/b2b\/#\/schema\/logo\/image\/"},"sameAs":["https:\/\/www.facebook.com\/SupermicroTurkiye\/?locale=tr_TR","https:\/\/x.com\/gtmteknoloji"]}]},"product_brand":"Supermicro","product_price_currency":"USD","og_availability":"instock","product_availability":"instock","product_retailer_item_id":"SYS-2028U-004","product_condition":"new"},"_links":{"self":[{"href":"https:\/\/gtmteknoloji.com\/b2b\/wp-json\/wp\/v2\/product\/9024","targetHints":{"allow":["GET"]}}],"collection":[{"href":"https:\/\/gtmteknoloji.com\/b2b\/wp-json\/wp\/v2\/product"}],"about":[{"href":"https:\/\/gtmteknoloji.com\/b2b\/wp-json\/wp\/v2\/types\/product"}],"version-history":[{"count":1,"href":"https:\/\/gtmteknoloji.com\/b2b\/wp-json\/wp\/v2\/product\/9024\/revisions"}],"predecessor-version":[{"id":9054,"href":"https:\/\/gtmteknoloji.com\/b2b\/wp-json\/wp\/v2\/product\/9024\/revisions\/9054"}],"wp:featuredmedia":[{"embeddable":true,"href":"https:\/\/gtmteknoloji.com\/b2b\/wp-json\/wp\/v2\/media\/2168"}],"wp:attachment":[{"href":"https:\/\/gtmteknoloji.com\/b2b\/wp-json\/wp\/v2\/media?parent=9024"}],"wp:term":[{"taxonomy":"product_brand","embeddable":true,"href":"https:\/\/gtmteknoloji.com\/b2b\/wp-json\/wp\/v2\/product_brand?post=9024"},{"taxonomy":"product_cat","embeddable":true,"href":"https:\/\/gtmteknoloji.com\/b2b\/wp-json\/wp\/v2\/product_cat?post=9024"},{"taxonomy":"product_tag","embeddable":true,"href":"https:\/\/gtmteknoloji.com\/b2b\/wp-json\/wp\/v2\/product_tag?post=9024"}],"curies":[{"name":"wp","href":"https:\/\/api.w.org\/{rel}","templated":true}]}}