{"id":9260,"date":"2025-04-14T04:25:58","date_gmt":"2025-04-14T01:25:58","guid":{"rendered":"https:\/\/gtmteknoloji.com\/b2b\/?post_type=product&#038;p=9260"},"modified":"2025-04-14T04:26:00","modified_gmt":"2025-04-14T01:26:00","slug":"xf3126d-qsan-xcubefas-3u-26-bay-dual-controller-sff-rackmount-fas-nvme-afa","status":"publish","type":"product","link":"https:\/\/gtmteknoloji.com\/b2b\/magaza\/storage\/all-flash\/xf3126d-qsan-xcubefas-3u-26-bay-dual-controller-sff-rackmount-fas-nvme-afa\/","title":{"rendered":"XF3126D QSAN XCubeFAS 3U 26 Bay Dual Controller SFF Rackmount FAS (NVMe AFA)"},"content":{"rendered":"<table>\n<tbody>\n<tr class=\"body\">\n<td>Datasheet<\/td>\n<td><a class=\"link\" href=\"https:\/\/www.qsan.com\/data\/dl_files\/QSAN_Data%20Sheet_XF3126D_2012_(en).pdf\" target=\"_blank\" rel=\"noopener noreferrer\">QSAN_Data Sheet_XF3126D_2012_(en)<\/a><\/td>\n<\/tr>\n<tr class=\"body\">\n<td>Quick Installation Guide<\/td>\n<td><a class=\"link\" href=\"https:\/\/www.qsan.com\/data\/dl_files\/QSAN_Quick%20Installation%20Guide_XF3126D_2010_(en).pdf\" target=\"_blank\" rel=\"noopener noreferrer\">QSAN_Quick Installation Guide_XF3126D_2010_(en)<\/a><\/td>\n<\/tr>\n<tr class=\"body\">\n<td>Software Manual<\/td>\n<td><a class=\"link\" href=\"https:\/\/www.qsan.com\/data\/dl_files\/QSAN_Software%20Manual_XEVO%202.0_2010_(en).pdf\" target=\"_blank\" rel=\"noopener noreferrer\">QSAN_Software Manual_XEVO 2.0_2010_(en)<\/a><\/td>\n<\/tr>\n<tr class=\"body\">\n<td>Compatibility Matrix<\/td>\n<td><a class=\"link\" href=\"https:\/\/www.qsan.com\/data\/dl_files\/QSAN_Compatibility%20Matrix_XF.XS.XD_2012_(en).xlsx\" target=\"_blank\" rel=\"noopener noreferrer\">English<\/a><\/td>\n<\/tr>\n<tr class=\"body\">\n<td>Hardware Manual<\/td>\n<td><a class=\"link\" href=\"https:\/\/www.qsan.com\/data\/dl_files\/QSAN_Hardware%20Manual_XCubeFAS%20series_2012_(en).pdf\" target=\"_blank\" rel=\"noopener noreferrer\">QSAN_Hardware Manual_XCubeFAS series_2012_(en)<\/a><\/td>\n<\/tr>\n<\/tbody>\n<\/table>\n<h3 id=\"custom-hardware\">Hardware Specifications<\/h3>\n<table class=\"spec-table\">\n<tbody>\n<tr>\n<td class=\"title\">Architecture<\/td>\n<td class=\"content\">Active-Active dual-controller<\/td>\n<\/tr>\n<tr>\n<td class=\"title\">Storage OS<\/td>\n<td class=\"content no-border\">XEVO\u00a0<a class=\"link\">Specification Details<\/a><\/td>\n<\/tr>\n<tr class=\"enhance\">\n<th colspan=\"2\">CPU<\/th>\n<\/tr>\n<tr>\n<td class=\"title\">Processor<\/td>\n<td class=\"content\">Intel\u00ae Xeon\u00ae<\/td>\n<\/tr>\n<tr>\n<td class=\"title\">CPU Architecture<\/td>\n<td class=\"content\">64-bit<\/td>\n<\/tr>\n<tr>\n<td class=\"title\">CPU Frequency<\/td>\n<td class=\"content no-border\">6-Core<\/td>\n<\/tr>\n<tr class=\"enhance\">\n<th colspan=\"2\">Memory<\/th>\n<\/tr>\n<tr>\n<td class=\"title\">System Flash<\/td>\n<td class=\"content\">&#8211;<\/td>\n<\/tr>\n<tr>\n<td class=\"title\">Memory Module Pre-installed<\/td>\n<td class=\"content\">16GB DDR4 ECC RDIMM<\/td>\n<\/tr>\n<tr>\n<td class=\"title\">Total Memory Slots<\/td>\n<td class=\"content\">6<\/td>\n<\/tr>\n<tr>\n<td class=\"title\">Memory Expandable up to<\/td>\n<td class=\"content\">384GB<\/td>\n<\/tr>\n<tr>\n<td class=\"title\">Notes<\/td>\n<td class=\"content no-border\">Per Controller<\/td>\n<\/tr>\n<tr class=\"enhance\">\n<th colspan=\"2\">Storage<\/th>\n<\/tr>\n<tr>\n<td class=\"title\">Drive Bays<\/td>\n<td class=\"content\">2.5&#8243; Slot x 26<\/td>\n<\/tr>\n<tr>\n<td class=\"title\">Maximum Drive Bays with Expansion Unit<\/td>\n<td class=\"content\">&#8211;<\/td>\n<\/tr>\n<tr>\n<td class=\"title\">Compatible Drive Type<\/td>\n<td class=\"content\">2.5&#8243; U.2 dual port NVMe SSD<\/td>\n<\/tr>\n<tr>\n<td class=\"title\">Drive Interface<\/td>\n<td class=\"content\">NVMe<\/td>\n<\/tr>\n<tr>\n<td class=\"title\">Maximum Internal Raw Capacity<\/td>\n<td class=\"content\">399TB<\/td>\n<\/tr>\n<tr>\n<td class=\"title\">Maximum Raw Capacity with Expansion Units<\/td>\n<td class=\"content\">&#8211;<\/td>\n<\/tr>\n<tr>\n<td class=\"title\">Hot Swappable Drive<\/td>\n<td class=\"content\"><\/td>\n<\/tr>\n<tr>\n<td class=\"title\">Notes<\/td>\n<td class=\"content no-border\">\n<ul>\n<li>For more information, please refer to compatibility matrix and hardware manual<\/li>\n<li>Maximum Internal Raw Capacity = 15.36 TB drive x 26<\/li>\n<li>Capacity may vary by RAID types<\/li>\n<\/ul>\n<\/td>\n<\/tr>\n<tr class=\"enhance\">\n<th colspan=\"2\">External Port<\/th>\n<\/tr>\n<tr>\n<td class=\"title\">USB 2.0 Port<\/td>\n<td class=\"content\">1 (Front)<\/td>\n<\/tr>\n<tr>\n<td class=\"title\">USB 3.0 Port<\/td>\n<td class=\"content\">1 (Rear)<\/td>\n<\/tr>\n<tr>\n<td class=\"title\">HDMI Port<\/td>\n<td class=\"content\">&#8211;<\/td>\n<\/tr>\n<tr>\n<td class=\"title\">Others<\/td>\n<td class=\"content\">UPS Port x1<br \/>\nController port x 1<\/td>\n<\/tr>\n<tr>\n<td class=\"title\">Notes<\/td>\n<td class=\"content no-border\">Per controller<\/td>\n<\/tr>\n<tr class=\"enhance\">\n<th colspan=\"2\">Connectivity Port<\/th>\n<\/tr>\n<tr>\n<td class=\"title\">1GbE RJ45 LAN Port<\/td>\n<td class=\"content\">1 (Onboard Management Port)<\/td>\n<\/tr>\n<tr>\n<td class=\"title\">10GbE RJ45 LAN Port<\/td>\n<td class=\"content\">2 iSCSI (Option)<\/td>\n<\/tr>\n<tr>\n<td class=\"title\">10GbE SFP+ LAN Port<\/td>\n<td class=\"content\">2 iSCSI (Onboard)<br \/>\n4 iSCSI (Option)<\/td>\n<\/tr>\n<tr>\n<td class=\"title\">Thunderbolt 3<\/td>\n<td class=\"content\">&#8211;<\/td>\n<\/tr>\n<tr>\n<td class=\"title\">25GbE SFP28 LAN Port<\/td>\n<td class=\"content\">2 iSCSI (Option)<\/td>\n<\/tr>\n<tr>\n<td class=\"title\">16Gb SFP+ Fibre Channel<\/td>\n<td class=\"content\">4 (Option)<br \/>\n2 (Option)<\/td>\n<\/tr>\n<tr>\n<td class=\"title\">32Gb SFP28 Fibre Channel<\/td>\n<td class=\"content\">2 (Option)<\/td>\n<\/tr>\n<tr>\n<td class=\"title\">Notes<\/td>\n<td class=\"content no-border\">For more information, please refer to accessory book<\/p>\n<p>Please refer to the section below for expansion slot specification<\/td>\n<\/tr>\n<tr class=\"enhance\">\n<th colspan=\"2\">Expansion Port<\/th>\n<\/tr>\n<tr>\n<td class=\"title\">12Gb\/s SAS Wide Port<\/td>\n<td class=\"content\">&#8211;<\/td>\n<\/tr>\n<tr>\n<td class=\"title\">Notes<\/td>\n<td class=\"content no-border\">&#8211;<\/td>\n<\/tr>\n<tr class=\"enhance\">\n<th colspan=\"2\">PCIe Expansion<\/th>\n<\/tr>\n<tr>\n<td class=\"title\">Gen3x8 Slot<\/td>\n<td class=\"content\">&#8211;<\/td>\n<\/tr>\n<tr>\n<td class=\"title\">Gen3x4 Slot<\/td>\n<td class=\"content\">&#8211;<\/td>\n<\/tr>\n<tr>\n<td class=\"title\">Notes<\/td>\n<td class=\"content no-border\">&#8211;<\/td>\n<\/tr>\n<tr class=\"enhance\">\n<th colspan=\"2\">Host Card Expansion<\/th>\n<\/tr>\n<tr>\n<td class=\"title\">Gen3x8 Slot<\/td>\n<td class=\"content\">2<\/td>\n<\/tr>\n<tr>\n<td class=\"title\">Gen2x4 Slot<\/td>\n<td class=\"content\">&#8211;<\/td>\n<\/tr>\n<tr>\n<td class=\"title\">Notes<\/td>\n<td class=\"content no-border\">&#8211;<\/td>\n<\/tr>\n<tr class=\"enhance\">\n<th colspan=\"2\">Appearance<\/th>\n<\/tr>\n<tr>\n<td class=\"title\">Dimension (H x W x D) (mm)<\/td>\n<td class=\"content\">132 x 438 x 645<\/td>\n<\/tr>\n<tr>\n<td class=\"title\">Chassis Form Factor<\/td>\n<td class=\"content\">19&#8243; Rackmount 3U 26 Bay<\/td>\n<\/tr>\n<tr>\n<td class=\"title\">Net Weight (kg)<\/td>\n<td class=\"content\">25.6<\/td>\n<\/tr>\n<tr>\n<td class=\"title\">Gross Weight (kg)<\/td>\n<td class=\"content\">34<\/td>\n<\/tr>\n<tr>\n<td class=\"title\">Notes<\/td>\n<td class=\"content no-border\">&#8211;<\/td>\n<\/tr>\n<tr class=\"enhance\">\n<th colspan=\"2\">Memory Protection<\/th>\n<\/tr>\n<tr>\n<td class=\"title\">Super Capacitor Module + Flash Module<\/td>\n<td class=\"content\">&#8211;<\/td>\n<\/tr>\n<tr>\n<td class=\"title\">Battery Backup Module + Flash Module<\/td>\n<td class=\"content\"><\/td>\n<\/tr>\n<tr>\n<td class=\"title\">Notes<\/td>\n<td class=\"content no-border\">&#8211;<\/td>\n<\/tr>\n<tr class=\"enhance\">\n<th colspan=\"2\">Others<\/th>\n<\/tr>\n<tr>\n<td class=\"title\">System Fan<\/td>\n<td class=\"content\">4 pcs (per controller)<\/td>\n<\/tr>\n<tr>\n<td class=\"title\">Replaceable System Fan<\/td>\n<td class=\"content\"><\/td>\n<\/tr>\n<tr>\n<td class=\"title\">Power Recovery<\/td>\n<td class=\"content\"><\/td>\n<\/tr>\n<tr>\n<td class=\"title\">Scheduled Power On\/Off<\/td>\n<td class=\"content\">&#8211;<\/td>\n<\/tr>\n<tr>\n<td class=\"title\">Wake on LAN\/WAN<\/td>\n<td class=\"content\"><\/td>\n<\/tr>\n<tr>\n<td class=\"title\">Power Supply Unit \/ Adapter<\/td>\n<td class=\"content\">800W x 2 (80 PLUS Platinum)<\/td>\n<\/tr>\n<tr>\n<td class=\"title\">Redundant Power Supply<\/td>\n<td class=\"content\"><\/td>\n<\/tr>\n<tr>\n<td class=\"title\">AC Input Power Voltage<\/td>\n<td class=\"content\">100V-240V<\/td>\n<\/tr>\n<tr>\n<td class=\"title\">Power Frequency<\/td>\n<td class=\"content\">50-60 Hz, Single Phase<\/td>\n<\/tr>\n<tr>\n<td class=\"title\">Power Consumption<\/td>\n<td class=\"content\">429W<\/td>\n<\/tr>\n<tr>\n<td class=\"title\">British Thermal Unit<\/td>\n<td class=\"content\">&#8211;<\/td>\n<\/tr>\n<tr>\n<td class=\"title\">LCM Support<\/td>\n<td class=\"content\"><\/td>\n<\/tr>\n<tr>\n<td class=\"title\">Notes<\/td>\n<td class=\"content no-border\">&#8211;<\/td>\n<\/tr>\n<tr class=\"enhance\">\n<th colspan=\"2\">Environment Temperature<\/th>\n<\/tr>\n<tr>\n<td class=\"title\">Operating Temperature<\/td>\n<td class=\"content\">0 to 40\u00b0C<\/td>\n<\/tr>\n<tr>\n<td class=\"title\">Storage Temperature<\/td>\n<td class=\"content\">-15\u00b0C to 55\u00b0C<\/td>\n<\/tr>\n<tr>\n<td class=\"title\">Operating Relative Humidity<\/td>\n<td class=\"content\">20% to 80% non-condensing<\/td>\n<\/tr>\n<tr>\n<td class=\"title\">Non-operating Relative Humidity<\/td>\n<td class=\"content\">5% to 95%<\/td>\n<\/tr>\n<tr>\n<td class=\"title\">Notes<\/td>\n<td class=\"content no-border\">&#8211;<\/td>\n<\/tr>\n<tr class=\"enhance\">\n<th colspan=\"2\">Certification<\/th>\n<\/tr>\n<tr>\n<td class=\"title\">Certifications<\/td>\n<td class=\"content\">CE<\/p>\n<p>FCC<\/p>\n<p>BSMI<\/td>\n<\/tr>\n<tr>\n<td class=\"title\">Notes<\/td>\n<td class=\"content no-border\">&#8211;<\/td>\n<\/tr>\n<tr class=\"enhance\">\n<th colspan=\"2\">Warranty<\/th>\n<\/tr>\n<tr>\n<td class=\"title\">Standard Warranty<\/td>\n<td class=\"content\">3 years<br \/>\nBattery backup module : 1 year<\/td>\n<\/tr>\n<\/tbody>\n<\/table>\n","protected":false},"excerpt":{"rendered":"<h1 class=\"LC20lb DKV0Md\"><a href=\"https:\/\/gtmteknoloji.com\/teklif-talep\/\">TEKL\u0130F TALEP<\/a><\/h1>\n<h5 class=\"product_title entry-title\">QSAN XCubeFAS XF3126D 3U 26 Bay Dual Controller SFF Rackmount FAS(AFA)<\/h5>\n<div class=\"woocommerce-product-rating\">\n<div class=\"star-rating\">QSAN<\/div>\n<\/div>\n<div>\n<p>Dual-controller All-NVMe Flash Storage System, Intel Xeon 64-bit 6 core CPU, default 32GB RAM(MAX 768GB RAM), 2X10GbE SFP+, Redundant Power Supply<\/p>\n<\/div>\n","protected":false},"featured_media":4311,"template":"","meta":[],"product_brand":[340],"product_cat":[1928,1743],"product_tag":[1929,1930,1931,1932,1752,1933,1934],"class_list":{"0":"post-9260","1":"product","2":"type-product","3":"status-publish","4":"has-post-thumbnail","6":"product_brand-qsan-san-storage","7":"product_cat-all-flash","8":"product_cat-storage","9":"product_tag-2u-26-hdd","10":"product_tag-all-flash","11":"product_tag-all-flash-san","12":"product_tag-dual-controller-ssd-storage","13":"product_tag-qsan","14":"product_tag-qsan-xf2026d","15":"product_tag-san-storage","17":"first","18":"instock","19":"taxable","20":"shipping-taxable","21":"product-type-external"},"yoast_head":"<!-- This site is optimized with the Yoast SEO Premium plugin v27.4 (Yoast SEO v27.4) - https:\/\/yoast.com\/product\/yoast-seo-premium-wordpress\/ -->\n<title>XF3126D QSAN XCubeFAS 3U 26 Bay Dual Controller SFF Rackmount FAS (NVMe AFA) - GTM Teknoloji<\/title>\n<meta name=\"robots\" content=\"index, follow, max-snippet:-1, max-image-preview:large, max-video-preview:-1\" \/>\n<link rel=\"canonical\" href=\"https:\/\/gtmteknoloji.com\/b2b\/magaza\/storage\/all-flash\/xf3126d-qsan-xcubefas-3u-26-bay-dual-controller-sff-rackmount-fas-nvme-afa\/\" \/>\n<meta property=\"og:locale\" content=\"tr_TR\" \/>\n<meta property=\"og:type\" content=\"article\" \/>\n<meta property=\"og:title\" content=\"XF3126D QSAN XCubeFAS 3U 26 Bay Dual Controller SFF Rackmount FAS (NVMe AFA)\" \/>\n<meta property=\"og:description\" content=\"TEKL\u0130F TALEP QSAN XCubeFAS XF3126D 3U 26 Bay Dual Controller SFF Rackmount FAS(AFA)  QSAN    Dual-controller All-NVMe Flash Storage System, Intel Xeon 64-bit 6 core CPU, default 32GB RAM(MAX 768GB RAM), 2X10GbE SFP+, Redundant Power Supply\" \/>\n<meta property=\"og:url\" content=\"https:\/\/gtmteknoloji.com\/b2b\/magaza\/storage\/all-flash\/xf3126d-qsan-xcubefas-3u-26-bay-dual-controller-sff-rackmount-fas-nvme-afa\/\" \/>\n<meta property=\"og:site_name\" content=\"GTM Teknoloji\" \/>\n<meta property=\"article:publisher\" content=\"https:\/\/www.facebook.com\/SupermicroTurkiye\/?locale=tr_TR\" \/>\n<meta property=\"article:modified_time\" content=\"2025-04-14T01:26:00+00:00\" \/>\n<meta property=\"og:image\" content=\"https:\/\/gtmteknoloji.com\/b2b\/wp-content\/uploads\/2020\/12\/Qsan_All_Flash_NVMe_XF3126D_1.png\" \/>\n\t<meta property=\"og:image:width\" content=\"2000\" \/>\n\t<meta property=\"og:image:height\" content=\"2000\" \/>\n\t<meta property=\"og:image:type\" content=\"image\/png\" \/>\n<meta name=\"twitter:card\" content=\"summary_large_image\" \/>\n<meta name=\"twitter:site\" content=\"@gtmteknoloji\" \/>\n<meta name=\"twitter:label1\" content=\"Fiyat\" \/>\n\t<meta name=\"twitter:data1\" content=\"\" \/>\n\t<meta name=\"twitter:label2\" content=\"Durumu\" \/>\n\t<meta name=\"twitter:data2\" content=\"Stokta var\" \/>\n<script type=\"application\/ld+json\" class=\"yoast-schema-graph\">{\"@context\":\"https:\\\/\\\/schema.org\",\"@graph\":[{\"@type\":\"WebPage\",\"@id\":\"https:\\\/\\\/gtmteknoloji.com\\\/b2b\\\/magaza\\\/storage\\\/all-flash\\\/xf3126d-qsan-xcubefas-3u-26-bay-dual-controller-sff-rackmount-fas-nvme-afa\\\/\",\"url\":\"https:\\\/\\\/gtmteknoloji.com\\\/b2b\\\/magaza\\\/storage\\\/all-flash\\\/xf3126d-qsan-xcubefas-3u-26-bay-dual-controller-sff-rackmount-fas-nvme-afa\\\/\",\"name\":\"XF3126D QSAN XCubeFAS 3U 26 Bay Dual Controller SFF Rackmount FAS (NVMe AFA) - GTM Teknoloji\",\"isPartOf\":{\"@id\":\"https:\\\/\\\/gtmteknoloji.com\\\/b2b\\\/#website\"},\"primaryImageOfPage\":{\"@id\":\"https:\\\/\\\/gtmteknoloji.com\\\/b2b\\\/magaza\\\/storage\\\/all-flash\\\/xf3126d-qsan-xcubefas-3u-26-bay-dual-controller-sff-rackmount-fas-nvme-afa\\\/#primaryimage\"},\"image\":{\"@id\":\"https:\\\/\\\/gtmteknoloji.com\\\/b2b\\\/magaza\\\/storage\\\/all-flash\\\/xf3126d-qsan-xcubefas-3u-26-bay-dual-controller-sff-rackmount-fas-nvme-afa\\\/#primaryimage\"},\"thumbnailUrl\":\"https:\\\/\\\/gtmteknoloji.com\\\/b2b\\\/wp-content\\\/uploads\\\/2020\\\/12\\\/Qsan_All_Flash_NVMe_XF3126D_1.png\",\"datePublished\":\"2025-04-14T01:25:58+00:00\",\"dateModified\":\"2025-04-14T01:26:00+00:00\",\"breadcrumb\":{\"@id\":\"https:\\\/\\\/gtmteknoloji.com\\\/b2b\\\/magaza\\\/storage\\\/all-flash\\\/xf3126d-qsan-xcubefas-3u-26-bay-dual-controller-sff-rackmount-fas-nvme-afa\\\/#breadcrumb\"},\"inLanguage\":\"tr\",\"potentialAction\":[{\"@type\":\"ReadAction\",\"target\":[\"https:\\\/\\\/gtmteknoloji.com\\\/b2b\\\/magaza\\\/storage\\\/all-flash\\\/xf3126d-qsan-xcubefas-3u-26-bay-dual-controller-sff-rackmount-fas-nvme-afa\\\/\"]}]},{\"@type\":\"ImageObject\",\"inLanguage\":\"tr\",\"@id\":\"https:\\\/\\\/gtmteknoloji.com\\\/b2b\\\/magaza\\\/storage\\\/all-flash\\\/xf3126d-qsan-xcubefas-3u-26-bay-dual-controller-sff-rackmount-fas-nvme-afa\\\/#primaryimage\",\"url\":\"https:\\\/\\\/gtmteknoloji.com\\\/b2b\\\/wp-content\\\/uploads\\\/2020\\\/12\\\/Qsan_All_Flash_NVMe_XF3126D_1.png\",\"contentUrl\":\"https:\\\/\\\/gtmteknoloji.com\\\/b2b\\\/wp-content\\\/uploads\\\/2020\\\/12\\\/Qsan_All_Flash_NVMe_XF3126D_1.png\",\"width\":2000,\"height\":2000},{\"@type\":\"BreadcrumbList\",\"@id\":\"https:\\\/\\\/gtmteknoloji.com\\\/b2b\\\/magaza\\\/storage\\\/all-flash\\\/xf3126d-qsan-xcubefas-3u-26-bay-dual-controller-sff-rackmount-fas-nvme-afa\\\/#breadcrumb\",\"itemListElement\":[{\"@type\":\"ListItem\",\"position\":1,\"name\":\"Home\",\"item\":\"https:\\\/\\\/gtmteknoloji.com\\\/b2b\\\/\"},{\"@type\":\"ListItem\",\"position\":2,\"name\":\"Ma\u011faza\",\"item\":\"https:\\\/\\\/gtmteknoloji.com\\\/b2b\\\/magaza\\\/\"},{\"@type\":\"ListItem\",\"position\":3,\"name\":\"XF3126D QSAN XCubeFAS 3U 26 Bay Dual Controller SFF Rackmount FAS (NVMe AFA)\"}]},{\"@type\":\"WebSite\",\"@id\":\"https:\\\/\\\/gtmteknoloji.com\\\/b2b\\\/#website\",\"url\":\"https:\\\/\\\/gtmteknoloji.com\\\/b2b\\\/\",\"name\":\"GTM Teknoloji\",\"description\":\"B2B Sat\u0131\u015f Portal\u0131\",\"publisher\":{\"@id\":\"https:\\\/\\\/gtmteknoloji.com\\\/b2b\\\/#organization\"},\"potentialAction\":[{\"@type\":\"SearchAction\",\"target\":{\"@type\":\"EntryPoint\",\"urlTemplate\":\"https:\\\/\\\/gtmteknoloji.com\\\/b2b\\\/?s={search_term_string}\"},\"query-input\":{\"@type\":\"PropertyValueSpecification\",\"valueRequired\":true,\"valueName\":\"search_term_string\"}}],\"inLanguage\":\"tr\"},{\"@type\":\"Organization\",\"@id\":\"https:\\\/\\\/gtmteknoloji.com\\\/b2b\\\/#organization\",\"name\":\"GTM Teknoloji\",\"url\":\"https:\\\/\\\/gtmteknoloji.com\\\/b2b\\\/\",\"logo\":{\"@type\":\"ImageObject\",\"inLanguage\":\"tr\",\"@id\":\"https:\\\/\\\/gtmteknoloji.com\\\/b2b\\\/#\\\/schema\\\/logo\\\/image\\\/\",\"url\":\"https:\\\/\\\/gtmteknoloji.com\\\/b2b\\\/wp-content\\\/uploads\\\/2020\\\/12\\\/GTM-logo.png\",\"contentUrl\":\"https:\\\/\\\/gtmteknoloji.com\\\/b2b\\\/wp-content\\\/uploads\\\/2020\\\/12\\\/GTM-logo.png\",\"width\":400,\"height\":400,\"caption\":\"GTM Teknoloji\"},\"image\":{\"@id\":\"https:\\\/\\\/gtmteknoloji.com\\\/b2b\\\/#\\\/schema\\\/logo\\\/image\\\/\"},\"sameAs\":[\"https:\\\/\\\/www.facebook.com\\\/SupermicroTurkiye\\\/?locale=tr_TR\",\"https:\\\/\\\/x.com\\\/gtmteknoloji\"]}]}<\/script>\n<meta property=\"product:brand\" content=\"QSAN\" \/>\n<meta property=\"product:price:currency\" content=\"USD\" \/>\n<meta property=\"og:availability\" content=\"instock\" \/>\n<meta property=\"product:availability\" content=\"instock\" \/>\n<meta property=\"product:retailer_item_id\" content=\"XF3126D\" \/>\n<meta property=\"product:condition\" content=\"new\" \/>\n<!-- \/ Yoast SEO Premium plugin. -->","yoast_head_json":{"title":"XF3126D QSAN XCubeFAS 3U 26 Bay Dual Controller SFF Rackmount FAS (NVMe AFA) - GTM Teknoloji","robots":{"index":"index","follow":"follow","max-snippet":"max-snippet:-1","max-image-preview":"max-image-preview:large","max-video-preview":"max-video-preview:-1"},"canonical":"https:\/\/gtmteknoloji.com\/b2b\/magaza\/storage\/all-flash\/xf3126d-qsan-xcubefas-3u-26-bay-dual-controller-sff-rackmount-fas-nvme-afa\/","og_locale":"tr_TR","og_type":"article","og_title":"XF3126D QSAN XCubeFAS 3U 26 Bay Dual Controller SFF Rackmount FAS (NVMe AFA)","og_description":"TEKL\u0130F TALEP QSAN XCubeFAS XF3126D 3U 26 Bay Dual Controller SFF Rackmount FAS(AFA)  QSAN    Dual-controller All-NVMe Flash Storage System, Intel Xeon 64-bit 6 core CPU, default 32GB RAM(MAX 768GB RAM), 2X10GbE SFP+, Redundant Power Supply","og_url":"https:\/\/gtmteknoloji.com\/b2b\/magaza\/storage\/all-flash\/xf3126d-qsan-xcubefas-3u-26-bay-dual-controller-sff-rackmount-fas-nvme-afa\/","og_site_name":"GTM Teknoloji","article_publisher":"https:\/\/www.facebook.com\/SupermicroTurkiye\/?locale=tr_TR","article_modified_time":"2025-04-14T01:26:00+00:00","og_image":[{"width":2000,"height":2000,"url":"https:\/\/gtmteknoloji.com\/b2b\/wp-content\/uploads\/2020\/12\/Qsan_All_Flash_NVMe_XF3126D_1.png","type":"image\/png"}],"twitter_card":"summary_large_image","twitter_site":"@gtmteknoloji","twitter_misc":{"Fiyat":"","Durumu":"Stokta var"},"schema":{"@context":"https:\/\/schema.org","@graph":[{"@type":"WebPage","@id":"https:\/\/gtmteknoloji.com\/b2b\/magaza\/storage\/all-flash\/xf3126d-qsan-xcubefas-3u-26-bay-dual-controller-sff-rackmount-fas-nvme-afa\/","url":"https:\/\/gtmteknoloji.com\/b2b\/magaza\/storage\/all-flash\/xf3126d-qsan-xcubefas-3u-26-bay-dual-controller-sff-rackmount-fas-nvme-afa\/","name":"XF3126D QSAN XCubeFAS 3U 26 Bay Dual Controller SFF Rackmount FAS (NVMe AFA) - GTM Teknoloji","isPartOf":{"@id":"https:\/\/gtmteknoloji.com\/b2b\/#website"},"primaryImageOfPage":{"@id":"https:\/\/gtmteknoloji.com\/b2b\/magaza\/storage\/all-flash\/xf3126d-qsan-xcubefas-3u-26-bay-dual-controller-sff-rackmount-fas-nvme-afa\/#primaryimage"},"image":{"@id":"https:\/\/gtmteknoloji.com\/b2b\/magaza\/storage\/all-flash\/xf3126d-qsan-xcubefas-3u-26-bay-dual-controller-sff-rackmount-fas-nvme-afa\/#primaryimage"},"thumbnailUrl":"https:\/\/gtmteknoloji.com\/b2b\/wp-content\/uploads\/2020\/12\/Qsan_All_Flash_NVMe_XF3126D_1.png","datePublished":"2025-04-14T01:25:58+00:00","dateModified":"2025-04-14T01:26:00+00:00","breadcrumb":{"@id":"https:\/\/gtmteknoloji.com\/b2b\/magaza\/storage\/all-flash\/xf3126d-qsan-xcubefas-3u-26-bay-dual-controller-sff-rackmount-fas-nvme-afa\/#breadcrumb"},"inLanguage":"tr","potentialAction":[{"@type":"ReadAction","target":["https:\/\/gtmteknoloji.com\/b2b\/magaza\/storage\/all-flash\/xf3126d-qsan-xcubefas-3u-26-bay-dual-controller-sff-rackmount-fas-nvme-afa\/"]}]},{"@type":"ImageObject","inLanguage":"tr","@id":"https:\/\/gtmteknoloji.com\/b2b\/magaza\/storage\/all-flash\/xf3126d-qsan-xcubefas-3u-26-bay-dual-controller-sff-rackmount-fas-nvme-afa\/#primaryimage","url":"https:\/\/gtmteknoloji.com\/b2b\/wp-content\/uploads\/2020\/12\/Qsan_All_Flash_NVMe_XF3126D_1.png","contentUrl":"https:\/\/gtmteknoloji.com\/b2b\/wp-content\/uploads\/2020\/12\/Qsan_All_Flash_NVMe_XF3126D_1.png","width":2000,"height":2000},{"@type":"BreadcrumbList","@id":"https:\/\/gtmteknoloji.com\/b2b\/magaza\/storage\/all-flash\/xf3126d-qsan-xcubefas-3u-26-bay-dual-controller-sff-rackmount-fas-nvme-afa\/#breadcrumb","itemListElement":[{"@type":"ListItem","position":1,"name":"Home","item":"https:\/\/gtmteknoloji.com\/b2b\/"},{"@type":"ListItem","position":2,"name":"Ma\u011faza","item":"https:\/\/gtmteknoloji.com\/b2b\/magaza\/"},{"@type":"ListItem","position":3,"name":"XF3126D QSAN XCubeFAS 3U 26 Bay Dual Controller SFF Rackmount FAS (NVMe AFA)"}]},{"@type":"WebSite","@id":"https:\/\/gtmteknoloji.com\/b2b\/#website","url":"https:\/\/gtmteknoloji.com\/b2b\/","name":"GTM Teknoloji","description":"B2B Sat\u0131\u015f Portal\u0131","publisher":{"@id":"https:\/\/gtmteknoloji.com\/b2b\/#organization"},"potentialAction":[{"@type":"SearchAction","target":{"@type":"EntryPoint","urlTemplate":"https:\/\/gtmteknoloji.com\/b2b\/?s={search_term_string}"},"query-input":{"@type":"PropertyValueSpecification","valueRequired":true,"valueName":"search_term_string"}}],"inLanguage":"tr"},{"@type":"Organization","@id":"https:\/\/gtmteknoloji.com\/b2b\/#organization","name":"GTM Teknoloji","url":"https:\/\/gtmteknoloji.com\/b2b\/","logo":{"@type":"ImageObject","inLanguage":"tr","@id":"https:\/\/gtmteknoloji.com\/b2b\/#\/schema\/logo\/image\/","url":"https:\/\/gtmteknoloji.com\/b2b\/wp-content\/uploads\/2020\/12\/GTM-logo.png","contentUrl":"https:\/\/gtmteknoloji.com\/b2b\/wp-content\/uploads\/2020\/12\/GTM-logo.png","width":400,"height":400,"caption":"GTM Teknoloji"},"image":{"@id":"https:\/\/gtmteknoloji.com\/b2b\/#\/schema\/logo\/image\/"},"sameAs":["https:\/\/www.facebook.com\/SupermicroTurkiye\/?locale=tr_TR","https:\/\/x.com\/gtmteknoloji"]}]},"product_brand":"QSAN","product_price_currency":"USD","og_availability":"instock","product_availability":"instock","product_retailer_item_id":"XF3126D","product_condition":"new"},"_links":{"self":[{"href":"https:\/\/gtmteknoloji.com\/b2b\/wp-json\/wp\/v2\/product\/9260","targetHints":{"allow":["GET"]}}],"collection":[{"href":"https:\/\/gtmteknoloji.com\/b2b\/wp-json\/wp\/v2\/product"}],"about":[{"href":"https:\/\/gtmteknoloji.com\/b2b\/wp-json\/wp\/v2\/types\/product"}],"version-history":[{"count":1,"href":"https:\/\/gtmteknoloji.com\/b2b\/wp-json\/wp\/v2\/product\/9260\/revisions"}],"predecessor-version":[{"id":9273,"href":"https:\/\/gtmteknoloji.com\/b2b\/wp-json\/wp\/v2\/product\/9260\/revisions\/9273"}],"wp:featuredmedia":[{"embeddable":true,"href":"https:\/\/gtmteknoloji.com\/b2b\/wp-json\/wp\/v2\/media\/4311"}],"wp:attachment":[{"href":"https:\/\/gtmteknoloji.com\/b2b\/wp-json\/wp\/v2\/media?parent=9260"}],"wp:term":[{"taxonomy":"product_brand","embeddable":true,"href":"https:\/\/gtmteknoloji.com\/b2b\/wp-json\/wp\/v2\/product_brand?post=9260"},{"taxonomy":"product_cat","embeddable":true,"href":"https:\/\/gtmteknoloji.com\/b2b\/wp-json\/wp\/v2\/product_cat?post=9260"},{"taxonomy":"product_tag","embeddable":true,"href":"https:\/\/gtmteknoloji.com\/b2b\/wp-json\/wp\/v2\/product_tag?post=9260"}],"curies":[{"name":"wp","href":"https:\/\/api.w.org\/{rel}","templated":true}]}}