{"id":9740,"date":"2025-04-14T04:27:16","date_gmt":"2025-04-14T01:27:16","guid":{"rendered":"https:\/\/gtmteknoloji.com\/b2b\/?post_type=product&#038;p=9740"},"modified":"2026-04-22T17:31:47","modified_gmt":"2026-04-22T14:31:47","slug":"pny-3s-2400","status":"publish","type":"product","link":"https:\/\/gtmteknoloji.com\/b2b\/magaza\/storage\/pny-3s-2400\/","title":{"rendered":"PNY 3S-2400 (EOL)"},"content":{"rendered":"<p>Teknik \u00d6zellikler<\/p>\n<p><strong>The capacity extends<\/strong>\u00a0: from 32 TB (4 x 8 TB) to 360 TB (24 x 15 TB) per node<\/p>\n<p>12GB\/sec and &gt; 2 million IOPS with only 4 drives<\/p>\n<p><strong>Latency<\/strong>\u00a0&lt; 90uSec<\/p>\n<p><strong>Connectivity : 2 x QSP28 EDR Inifinband \/100Gb\/s Ethernet<\/strong><\/p>\n<p><strong>CPU Type\u00a0<\/strong>:\u00a0\u00a02nd Gen. Intel Xeon Scalable Processors<\/p>\n<p><strong>Architecture<\/strong>\u00a0:\u00a0\u00a0Cascade Lake-SP (Purley)<\/p>\n<p><strong>Memory<\/strong>\u00a0:\u00a096GB\u00a0DDR4 ECC Registered<\/p>\n<p><strong>Front Panel connectivity<\/strong>\u00a0:<\/p>\n<ul>\n<li>1 x D-Sub (VGA)<\/li>\n<li>2 x USB 3.0<\/li>\n<\/ul>\n<p><strong>Back Panel connectivity<\/strong>\u00a0:<\/p>\n<ul>\n<li>2 x 100GbE QSFP28<\/li>\n<li>1 x D-Sub (VGA)<\/li>\n<li>1 x RJ45 Dedicated IPMI port<\/li>\n<li>1 x Serial (COM)<\/li>\n<li>2 x USB 3.0<\/li>\n<\/ul>\n<p><strong>Power<\/strong>\u00a0: Hot-swap redundant PSUs<\/p>\n<p><strong>Form Factor<\/strong>\u00a0:\u00a02U, 710mm deep<\/p>\n<p><strong>Dimensions<\/strong>\u00a0:\u00a0\u00a0438 x 87.3 x 704.9 (mm WxHxD)<\/p>\n<p><strong>Excelero Software License<\/strong>\u00a0:\u00a03 years. 5-years license available on request<\/p>\n<p><strong>Warranty<\/strong>\u00a0:\u00a03 Years<\/p>\n<h3>DER\u0130N \u00d6\u011eRENMEY\u0130 HIZLANDIRMAK \u0130\u00c7\u0130N AI OPT\u0130M\u0130ZE ED\u0130LM\u0130\u015e DEPOLAMA<\/h3>\n<p>AI yolculu\u011funuz boyunca DGX sistemlerinizin GPU kullan\u0131m\u0131n\u0131 en \u00fcst d\u00fczeye \u00e7\u0131karma<\/p>\n<p>Bu, \u00e7ok y\u00fcksek performansa ve ultra d\u00fc\u015f\u00fck gecikmeye sahip tamamen flash bir NVMe Depolama Sunucusudur.<\/p>\n<p>DGX-1 GPU&#8217;dan verilere, RDMA protokol\u00fc ile dahili olarak depolanm\u0131\u015f gibi do\u011frudan eri\u015fim.<\/p>\n<div class=\"titleCont\">\n<h3>AI \u0130\u00e7in Optimize Edilmi\u015f Depolaman\u0131n Yararlar\u0131<\/h3>\n<table border=\"0\" cellspacing=\"1\" cellpadding=\"1\" align=\"left\">\n<tbody>\n<tr>\n<td><strong>% 30 DAHA HIZLI E\u011e\u0130T\u0130M<\/strong><\/td>\n<td><strong>% 50 D\u00dc\u015e\u00dcK MAL\u0130YET<\/strong><\/td>\n<td><strong>% 100 \u00d6L\u00c7EKLEND\u0130R\u0130LEB\u0130L\u0130RL\u0130K<\/strong><\/td>\n<\/tr>\n<tr>\n<td>Ger\u00e7ek hayattaki derin \u00f6\u011frenme projeleri, di\u011fer \u00e7\u00f6z\u00fcmlere k\u0131yasla e\u011fitim s\u00fcrelerinde% 30 muazzam bir iyile\u015fme g\u00f6sterir. Bant geni\u015fli\u011fi, gecikme ve IOPS ile standart depolama sentetik kar\u015f\u0131la\u015ft\u0131rmalar\u0131 ile m\u00fckemmel performans, di\u011ferlerini geride b\u0131rak\u0131r.<\/td>\n<td>Maliyet ve uygun fiyat, tasar\u0131m\u0131n odak noktas\u0131d\u0131r.\u00a0Pahal\u0131 depolama denetleyicilerine olan ihtiyac\u0131 ortadan kald\u0131rarak, maliyetler \u00f6nemli \u00f6l\u00e7\u00fcde azal\u0131r ve yat\u0131r\u0131m\u0131n\u0131z\u0131n daha b\u00fcy\u00fck bir k\u0131sm\u0131 GPU ve NVMe kaynaklar\u0131na harcanarak daha fazla \u00fcretkenlik ve yat\u0131r\u0131m getirisi sa\u011flar.<\/td>\n<td>Scale-UP ve Scale-OUT ile hem kapasite hem de performans s\u0131n\u0131rl\u0131 de\u011fildir.\u00a0Nereden ba\u015flarsan\u0131z ba\u015flay\u0131n, \u00f6l\u00e7eklendirme basit, h\u0131zl\u0131 ve iste\u011fe ba\u011fl\u0131d\u0131r. Gelece\u011fe y\u00f6nelik bir \u00e7\u00f6z\u00fcm sunmak ve fla\u015f maliyetlerinin d\u00fc\u015fme e\u011filiminden yararlanmak.<\/td>\n<\/tr>\n<\/tbody>\n<\/table>\n<div class=\"titleCont\">\n<p>&nbsp;<\/p>\n<p>&nbsp;<\/p>\n<p>&nbsp;<\/p>\n<p>&nbsp;<\/p>\n<p>&nbsp;<\/p>\n<p>&nbsp;<\/p>\n<p>&nbsp;<\/p>\n<p>&nbsp;<\/p>\n<h3>Yapay Zeka \u0130\u015f Ak\u0131\u015flar\u0131 i\u00e7in M\u00fcthi\u015f Performans<\/h3>\n<\/div>\n<\/div>\n<p><img decoding=\"async\" src=\"http:\/\/www.pny.eu\/data\/ckeditor\/articles\/3S-2400_Benchmarks.JPG\" alt=\"k\u0131yaslamalar\" \/><\/p>\n<p>&nbsp;<\/p>\n<p><strong>NVMe over Fabric D\u00fc\u015f\u00fck Gecikmeli Depolama<\/strong><\/p>\n<p>Excelero, web \u00f6l\u00e7ekli uygulamalar i\u00e7in d\u00fc\u015f\u00fck gecikmeli da\u011f\u0131t\u0131lm\u0131\u015f blok depolama sa\u011flar.\u00a0NVMesh, herhangi bir a\u011fda payla\u015f\u0131lan NVMe&#8217;yi etkinle\u015ftirir ve herhangi bir yerel veya da\u011f\u0131t\u0131lm\u0131\u015f dosya sistemini destekler.\u00a0\u00c7\u00f6z\u00fcm, temelde yatan donan\u0131m\u0131 CPU y\u00fck\u00fcyle \u00f6zetleyen, art\u0131kl\u0131kla mant\u0131ksal birimler olu\u015fturan ve merkezi, ak\u0131ll\u0131 y\u00f6netim ve izleme sa\u011flayan ak\u0131ll\u0131 bir y\u00f6netim katman\u0131na sahiptir.<\/p>\n<p>Uygulamalar, tescilli donan\u0131m kilitlenmesini \u00f6nlerken ve genel depolama toplam sahip olma maliyetini d\u00fc\u015f\u00fcr\u00fcrken, merkezi depolaman\u0131n rahatl\u0131\u011f\u0131yla yerel bir NVMe cihaz\u0131n\u0131n gecikme, i\u015f hacmi ve IOP&#8217;lar\u0131ndan yararlanabilir.\u00a0NVMesh, de\u011fi\u015ftirilmemi\u015f uygulamalar\u0131n bir a\u011f \u00fczerinde toplanm\u0131\u015f NVMe depolama cihazlar\u0131n\u0131 yerel h\u0131zlarda ve gecikmelerde kullanmas\u0131na izin veren da\u011f\u0131t\u0131lm\u0131\u015f bir blok katman\u0131na sahiptir.\u00a0Da\u011f\u0131t\u0131lm\u0131\u015f NVMe depolama kaynaklar\u0131, NVMesh blok istemcisini \u00e7al\u0131\u015ft\u0131ran herhangi bir ana bilgisayar taraf\u0131ndan kullan\u0131labilen rastgele, dinamik blok birimleri olu\u015fturma becerisiyle havuzlan\u0131r.<\/p>\n<div class=\"titleCont\">\n<p><strong>Projenizin fonlar\u0131n\u0131n daha iyi harcanmas\u0131n\u0131 sa\u011flamak<\/strong><\/p>\n<p>G\u00fcn\u00fcm\u00fcz\u00fcn AI sunucular\u0131, verileri geleneksel depolama \u00e7\u00f6z\u00fcmlerinden \u00e7ok daha y\u00fcksek oranlarda t\u00fcketir ve analiz eder.\u00a0D\u00fc\u015f\u00fck GPU kullan\u0131m\u0131yla sonu\u00e7lan\u0131r ve e\u011fitim s\u00fcrelerini \u00f6nemli \u00f6l\u00e7\u00fcde uzat\u0131r ve \u00fcretkenli\u011fi azalt\u0131r.\u00a0PNY 3S-2400, AI i\u015f y\u00fckleri ve NVIDIA DGX optimizasyonu i\u00e7in s\u0131f\u0131rdan geli\u015ftirilmi\u015ftir.\u00a0GPU kayna\u011f\u0131na daha fazla yat\u0131r\u0131m yap\u0131lmas\u0131na ve pahal\u0131, daha yava\u015f depolamaya daha az yat\u0131r\u0131m yap\u0131lmas\u0131na olanak tan\u0131yan bir fiyata ultra d\u00fc\u015f\u00fck gecikme s\u00fcresi ve muazzam bant geni\u015fli\u011fi sunar.<\/p>\n<h3>DGX \u00f6zelli\u011finden tam olarak yararlanarak ekibinizin daha \u00fcretken olmas\u0131na yard\u0131mc\u0131 olun<\/h3>\n<p>\u0130lk yat\u0131r\u0131m\u0131n gelecekteki b\u00fcy\u00fcmeyi ve performans\u0131 belirledi\u011fi \u00e7o\u011fu depolama \u00e7\u00f6z\u00fcm\u00fcn\u00fcn aksine, genellikle gelecekteki potansiyel b\u00fcy\u00fcme i\u00e7in fazla harcama ihtiyac\u0131yla sonu\u00e7lan\u0131r.<br \/>\nPNY&#8217;nin NVmesh tasar\u0131m\u0131, herhangi bir s\u0131n\u0131rlama olmaks\u0131z\u0131n projenize uyacak \u015fekilde a\u015famal\u0131 olarak \u00f6l\u00e7eklenebilir.\u00a0Sadece bug\u00fcn ihtiyac\u0131n\u0131z olan kapasite ve performans\u0131 sat\u0131n al\u0131n ve \u00f6l\u00e7eklenirken bunu g\u00fcvende hissedin, kapasiteniz ve performans\u0131n\u0131z da.<\/p>\n<div class=\"flexCont flex2\">\n<div class=\"flexBox\">\n<div class=\"boxInner\">\n<h3>\u00d6ZEL D\u0130REN\u00c7<\/h3>\n<p>Dayan\u0131kl\u0131l\u0131k ihtiya\u00e7lar\u0131n\u0131z ne olursa olsun, PNY 3S-2400 depolama sunucusu, AI \/ DL i\u015f ak\u0131\u015flar\u0131 i\u00e7in ultra d\u00fc\u015f\u00fck gecikme s\u00fcresi ve y\u00fcksek performans sa\u011flayacakt\u0131r.\u00a0Esneklik se\u00e7enekleri RAID0&#8217;dan Tek Nokta Ar\u0131za Bulunmayan tam yans\u0131tmal\u0131 \u00e7\u00f6z\u00fcmlere kadar uzan\u0131r.<\/p>\n<\/div>\n<\/div>\n<div class=\"flexBox\">\n<div class=\"boxInner\">\n<h3>TEKN\u0130K DESTEK<\/h3>\n<p>Tam destek ve \u00e7e\u015fitli yerinde se\u00e7eneklerle, kurulu\u015funuz veya projeniz i\u00e7in en etkili paketi se\u00e7ebilirsiniz.<\/p>\n<\/div>\n<\/div>\n<\/div>\n<\/div>\n","protected":false},"excerpt":{"rendered":"<h1><a href=\"https:\/\/gtmteknoloji.com\/teklif-talep\/\">TEKL\u0130F AL<\/a><\/h1>\n<h2>PNY 3S-2400<\/h2>\n","protected":false},"featured_media":6309,"template":"","meta":[],"product_brand":[341],"product_cat":[1928,1743],"product_tag":[2418,2419,2420],"class_list":{"0":"post-9740","1":"product","2":"type-product","3":"status-publish","4":"has-post-thumbnail","6":"product_brand-pny-ekran-karti","7":"product_cat-all-flash","8":"product_cat-storage","9":"product_tag-pny-3s-2400","10":"product_tag-pny-ai-storage-server","11":"product_tag-pny-server","13":"first","14":"instock","15":"taxable","16":"shipping-taxable","17":"product-type-external"},"yoast_head":"<!-- This site is optimized with the Yoast SEO Premium plugin v27.4 (Yoast SEO v27.4) - https:\/\/yoast.com\/product\/yoast-seo-premium-wordpress\/ -->\n<title>PNY 3S-2400 (EOL) - GTM Teknoloji<\/title>\n<meta name=\"robots\" content=\"index, follow, max-snippet:-1, max-image-preview:large, max-video-preview:-1\" \/>\n<link rel=\"canonical\" href=\"https:\/\/gtmteknoloji.com\/b2b\/magaza\/storage\/pny-3s-2400\/\" \/>\n<meta property=\"og:locale\" content=\"tr_TR\" \/>\n<meta property=\"og:type\" content=\"article\" \/>\n<meta property=\"og:title\" content=\"PNY 3S-2400 (EOL)\" \/>\n<meta property=\"og:description\" content=\"TEKL\u0130F AL PNY 3S-2400\" \/>\n<meta property=\"og:url\" content=\"https:\/\/gtmteknoloji.com\/b2b\/magaza\/storage\/pny-3s-2400\/\" \/>\n<meta property=\"og:site_name\" content=\"GTM Teknoloji\" \/>\n<meta property=\"article:publisher\" content=\"https:\/\/www.facebook.com\/SupermicroTurkiye\/?locale=tr_TR\" \/>\n<meta property=\"article:modified_time\" content=\"2026-04-22T14:31:47+00:00\" \/>\n<meta property=\"og:image\" content=\"https:\/\/gtmteknoloji.com\/b2b\/wp-content\/uploads\/2021\/01\/1338-20200319153541.png\" \/>\n\t<meta property=\"og:image:width\" content=\"800\" \/>\n\t<meta property=\"og:image:height\" content=\"800\" \/>\n\t<meta property=\"og:image:type\" content=\"image\/png\" \/>\n<meta name=\"twitter:card\" content=\"summary_large_image\" \/>\n<meta name=\"twitter:site\" content=\"@gtmteknoloji\" \/>\n<meta name=\"twitter:label1\" content=\"Fiyat\" \/>\n\t<meta name=\"twitter:data1\" content=\"\" \/>\n\t<meta name=\"twitter:label2\" content=\"Durumu\" \/>\n\t<meta name=\"twitter:data2\" content=\"Stokta var\" \/>\n<script type=\"application\/ld+json\" class=\"yoast-schema-graph\">{\"@context\":\"https:\\\/\\\/schema.org\",\"@graph\":[{\"@type\":\"WebPage\",\"@id\":\"https:\\\/\\\/gtmteknoloji.com\\\/b2b\\\/magaza\\\/storage\\\/pny-3s-2400\\\/\",\"url\":\"https:\\\/\\\/gtmteknoloji.com\\\/b2b\\\/magaza\\\/storage\\\/pny-3s-2400\\\/\",\"name\":\"PNY 3S-2400 (EOL) - GTM Teknoloji\",\"isPartOf\":{\"@id\":\"https:\\\/\\\/gtmteknoloji.com\\\/b2b\\\/#website\"},\"primaryImageOfPage\":{\"@id\":\"https:\\\/\\\/gtmteknoloji.com\\\/b2b\\\/magaza\\\/storage\\\/pny-3s-2400\\\/#primaryimage\"},\"image\":{\"@id\":\"https:\\\/\\\/gtmteknoloji.com\\\/b2b\\\/magaza\\\/storage\\\/pny-3s-2400\\\/#primaryimage\"},\"thumbnailUrl\":\"https:\\\/\\\/gtmteknoloji.com\\\/b2b\\\/wp-content\\\/uploads\\\/2021\\\/01\\\/1338-20200319153541.png\",\"datePublished\":\"2025-04-14T01:27:16+00:00\",\"dateModified\":\"2026-04-22T14:31:47+00:00\",\"breadcrumb\":{\"@id\":\"https:\\\/\\\/gtmteknoloji.com\\\/b2b\\\/magaza\\\/storage\\\/pny-3s-2400\\\/#breadcrumb\"},\"inLanguage\":\"tr\",\"potentialAction\":[{\"@type\":\"ReadAction\",\"target\":[\"https:\\\/\\\/gtmteknoloji.com\\\/b2b\\\/magaza\\\/storage\\\/pny-3s-2400\\\/\"]}]},{\"@type\":\"ImageObject\",\"inLanguage\":\"tr\",\"@id\":\"https:\\\/\\\/gtmteknoloji.com\\\/b2b\\\/magaza\\\/storage\\\/pny-3s-2400\\\/#primaryimage\",\"url\":\"https:\\\/\\\/gtmteknoloji.com\\\/b2b\\\/wp-content\\\/uploads\\\/2021\\\/01\\\/1338-20200319153541.png\",\"contentUrl\":\"https:\\\/\\\/gtmteknoloji.com\\\/b2b\\\/wp-content\\\/uploads\\\/2021\\\/01\\\/1338-20200319153541.png\",\"width\":800,\"height\":800},{\"@type\":\"BreadcrumbList\",\"@id\":\"https:\\\/\\\/gtmteknoloji.com\\\/b2b\\\/magaza\\\/storage\\\/pny-3s-2400\\\/#breadcrumb\",\"itemListElement\":[{\"@type\":\"ListItem\",\"position\":1,\"name\":\"Home\",\"item\":\"https:\\\/\\\/gtmteknoloji.com\\\/b2b\\\/\"},{\"@type\":\"ListItem\",\"position\":2,\"name\":\"Ma\u011faza\",\"item\":\"https:\\\/\\\/gtmteknoloji.com\\\/b2b\\\/magaza\\\/\"},{\"@type\":\"ListItem\",\"position\":3,\"name\":\"PNY 3S-2400 (EOL)\"}]},{\"@type\":\"WebSite\",\"@id\":\"https:\\\/\\\/gtmteknoloji.com\\\/b2b\\\/#website\",\"url\":\"https:\\\/\\\/gtmteknoloji.com\\\/b2b\\\/\",\"name\":\"GTM Teknoloji\",\"description\":\"B2B Sat\u0131\u015f Portal\u0131\",\"publisher\":{\"@id\":\"https:\\\/\\\/gtmteknoloji.com\\\/b2b\\\/#organization\"},\"potentialAction\":[{\"@type\":\"SearchAction\",\"target\":{\"@type\":\"EntryPoint\",\"urlTemplate\":\"https:\\\/\\\/gtmteknoloji.com\\\/b2b\\\/?s={search_term_string}\"},\"query-input\":{\"@type\":\"PropertyValueSpecification\",\"valueRequired\":true,\"valueName\":\"search_term_string\"}}],\"inLanguage\":\"tr\"},{\"@type\":\"Organization\",\"@id\":\"https:\\\/\\\/gtmteknoloji.com\\\/b2b\\\/#organization\",\"name\":\"GTM Teknoloji\",\"url\":\"https:\\\/\\\/gtmteknoloji.com\\\/b2b\\\/\",\"logo\":{\"@type\":\"ImageObject\",\"inLanguage\":\"tr\",\"@id\":\"https:\\\/\\\/gtmteknoloji.com\\\/b2b\\\/#\\\/schema\\\/logo\\\/image\\\/\",\"url\":\"https:\\\/\\\/gtmteknoloji.com\\\/b2b\\\/wp-content\\\/uploads\\\/2020\\\/12\\\/GTM-logo.png\",\"contentUrl\":\"https:\\\/\\\/gtmteknoloji.com\\\/b2b\\\/wp-content\\\/uploads\\\/2020\\\/12\\\/GTM-logo.png\",\"width\":400,\"height\":400,\"caption\":\"GTM Teknoloji\"},\"image\":{\"@id\":\"https:\\\/\\\/gtmteknoloji.com\\\/b2b\\\/#\\\/schema\\\/logo\\\/image\\\/\"},\"sameAs\":[\"https:\\\/\\\/www.facebook.com\\\/SupermicroTurkiye\\\/?locale=tr_TR\",\"https:\\\/\\\/x.com\\\/gtmteknoloji\"]}]}<\/script>\n<meta property=\"product:brand\" content=\"PNY\" \/>\n<meta property=\"product:price:currency\" content=\"USD\" \/>\n<meta property=\"og:availability\" content=\"instock\" \/>\n<meta property=\"product:availability\" content=\"instock\" \/>\n<meta property=\"product:condition\" content=\"new\" \/>\n<!-- \/ Yoast SEO Premium plugin. -->","yoast_head_json":{"title":"PNY 3S-2400 (EOL) - GTM Teknoloji","robots":{"index":"index","follow":"follow","max-snippet":"max-snippet:-1","max-image-preview":"max-image-preview:large","max-video-preview":"max-video-preview:-1"},"canonical":"https:\/\/gtmteknoloji.com\/b2b\/magaza\/storage\/pny-3s-2400\/","og_locale":"tr_TR","og_type":"article","og_title":"PNY 3S-2400 (EOL)","og_description":"TEKL\u0130F AL PNY 3S-2400","og_url":"https:\/\/gtmteknoloji.com\/b2b\/magaza\/storage\/pny-3s-2400\/","og_site_name":"GTM Teknoloji","article_publisher":"https:\/\/www.facebook.com\/SupermicroTurkiye\/?locale=tr_TR","article_modified_time":"2026-04-22T14:31:47+00:00","og_image":[{"width":800,"height":800,"url":"https:\/\/gtmteknoloji.com\/b2b\/wp-content\/uploads\/2021\/01\/1338-20200319153541.png","type":"image\/png"}],"twitter_card":"summary_large_image","twitter_site":"@gtmteknoloji","twitter_misc":{"Fiyat":"","Durumu":"Stokta var"},"schema":{"@context":"https:\/\/schema.org","@graph":[{"@type":"WebPage","@id":"https:\/\/gtmteknoloji.com\/b2b\/magaza\/storage\/pny-3s-2400\/","url":"https:\/\/gtmteknoloji.com\/b2b\/magaza\/storage\/pny-3s-2400\/","name":"PNY 3S-2400 (EOL) - GTM Teknoloji","isPartOf":{"@id":"https:\/\/gtmteknoloji.com\/b2b\/#website"},"primaryImageOfPage":{"@id":"https:\/\/gtmteknoloji.com\/b2b\/magaza\/storage\/pny-3s-2400\/#primaryimage"},"image":{"@id":"https:\/\/gtmteknoloji.com\/b2b\/magaza\/storage\/pny-3s-2400\/#primaryimage"},"thumbnailUrl":"https:\/\/gtmteknoloji.com\/b2b\/wp-content\/uploads\/2021\/01\/1338-20200319153541.png","datePublished":"2025-04-14T01:27:16+00:00","dateModified":"2026-04-22T14:31:47+00:00","breadcrumb":{"@id":"https:\/\/gtmteknoloji.com\/b2b\/magaza\/storage\/pny-3s-2400\/#breadcrumb"},"inLanguage":"tr","potentialAction":[{"@type":"ReadAction","target":["https:\/\/gtmteknoloji.com\/b2b\/magaza\/storage\/pny-3s-2400\/"]}]},{"@type":"ImageObject","inLanguage":"tr","@id":"https:\/\/gtmteknoloji.com\/b2b\/magaza\/storage\/pny-3s-2400\/#primaryimage","url":"https:\/\/gtmteknoloji.com\/b2b\/wp-content\/uploads\/2021\/01\/1338-20200319153541.png","contentUrl":"https:\/\/gtmteknoloji.com\/b2b\/wp-content\/uploads\/2021\/01\/1338-20200319153541.png","width":800,"height":800},{"@type":"BreadcrumbList","@id":"https:\/\/gtmteknoloji.com\/b2b\/magaza\/storage\/pny-3s-2400\/#breadcrumb","itemListElement":[{"@type":"ListItem","position":1,"name":"Home","item":"https:\/\/gtmteknoloji.com\/b2b\/"},{"@type":"ListItem","position":2,"name":"Ma\u011faza","item":"https:\/\/gtmteknoloji.com\/b2b\/magaza\/"},{"@type":"ListItem","position":3,"name":"PNY 3S-2400 (EOL)"}]},{"@type":"WebSite","@id":"https:\/\/gtmteknoloji.com\/b2b\/#website","url":"https:\/\/gtmteknoloji.com\/b2b\/","name":"GTM Teknoloji","description":"B2B Sat\u0131\u015f Portal\u0131","publisher":{"@id":"https:\/\/gtmteknoloji.com\/b2b\/#organization"},"potentialAction":[{"@type":"SearchAction","target":{"@type":"EntryPoint","urlTemplate":"https:\/\/gtmteknoloji.com\/b2b\/?s={search_term_string}"},"query-input":{"@type":"PropertyValueSpecification","valueRequired":true,"valueName":"search_term_string"}}],"inLanguage":"tr"},{"@type":"Organization","@id":"https:\/\/gtmteknoloji.com\/b2b\/#organization","name":"GTM Teknoloji","url":"https:\/\/gtmteknoloji.com\/b2b\/","logo":{"@type":"ImageObject","inLanguage":"tr","@id":"https:\/\/gtmteknoloji.com\/b2b\/#\/schema\/logo\/image\/","url":"https:\/\/gtmteknoloji.com\/b2b\/wp-content\/uploads\/2020\/12\/GTM-logo.png","contentUrl":"https:\/\/gtmteknoloji.com\/b2b\/wp-content\/uploads\/2020\/12\/GTM-logo.png","width":400,"height":400,"caption":"GTM Teknoloji"},"image":{"@id":"https:\/\/gtmteknoloji.com\/b2b\/#\/schema\/logo\/image\/"},"sameAs":["https:\/\/www.facebook.com\/SupermicroTurkiye\/?locale=tr_TR","https:\/\/x.com\/gtmteknoloji"]}]},"product_brand":"PNY","product_price_currency":"USD","og_availability":"instock","product_availability":"instock","product_condition":"new"},"_links":{"self":[{"href":"https:\/\/gtmteknoloji.com\/b2b\/wp-json\/wp\/v2\/product\/9740","targetHints":{"allow":["GET"]}}],"collection":[{"href":"https:\/\/gtmteknoloji.com\/b2b\/wp-json\/wp\/v2\/product"}],"about":[{"href":"https:\/\/gtmteknoloji.com\/b2b\/wp-json\/wp\/v2\/types\/product"}],"version-history":[{"count":3,"href":"https:\/\/gtmteknoloji.com\/b2b\/wp-json\/wp\/v2\/product\/9740\/revisions"}],"predecessor-version":[{"id":12479,"href":"https:\/\/gtmteknoloji.com\/b2b\/wp-json\/wp\/v2\/product\/9740\/revisions\/12479"}],"wp:featuredmedia":[{"embeddable":true,"href":"https:\/\/gtmteknoloji.com\/b2b\/wp-json\/wp\/v2\/media\/6309"}],"wp:attachment":[{"href":"https:\/\/gtmteknoloji.com\/b2b\/wp-json\/wp\/v2\/media?parent=9740"}],"wp:term":[{"taxonomy":"product_brand","embeddable":true,"href":"https:\/\/gtmteknoloji.com\/b2b\/wp-json\/wp\/v2\/product_brand?post=9740"},{"taxonomy":"product_cat","embeddable":true,"href":"https:\/\/gtmteknoloji.com\/b2b\/wp-json\/wp\/v2\/product_cat?post=9740"},{"taxonomy":"product_tag","embeddable":true,"href":"https:\/\/gtmteknoloji.com\/b2b\/wp-json\/wp\/v2\/product_tag?post=9740"}],"curies":[{"name":"wp","href":"https:\/\/api.w.org\/{rel}","templated":true}]}}